{"id":625,"date":"2019-10-13T18:20:43","date_gmt":"2019-10-13T18:20:43","guid":{"rendered":"https:\/\/analysensiebe.de\/shop\/?post_type=product&#038;p=625"},"modified":"2025-01-21T18:00:29","modified_gmt":"2025-01-21T18:00:29","slug":"analysensieb-200-cfr-12-64-sieve","status":"publish","type":"product","link":"https:\/\/analysensiebe.de\/shop\/produkt\/analysensieb-200-cfr-12-64-sieve\/","title":{"rendered":"Analysensieb CFR"},"content":{"rendered":"<p><a href=\"https:\/\/analysensiebe.de\/shop\/wp-content\/uploads\/sites\/13\/2021\/06\/Accessories-Highlight-scaled.jpg\"><img loading=\"lazy\" decoding=\"async\" class=\"alignright wp-image-4982 \" src=\"https:\/\/analysensiebe.de\/shop\/wp-content\/uploads\/sites\/13\/2021\/06\/Accessories-Highlight-1024x1024.jpg\" alt=\"\" width=\"450\" height=\"450\" srcset=\"https:\/\/analysensiebe.de\/shop\/wp-content\/uploads\/sites\/13\/2021\/06\/Accessories-Highlight-1024x1024.jpg 1024w, https:\/\/analysensiebe.de\/shop\/wp-content\/uploads\/sites\/13\/2021\/06\/Accessories-Highlight-300x300.jpg 300w, https:\/\/analysensiebe.de\/shop\/wp-content\/uploads\/sites\/13\/2021\/06\/Accessories-Highlight-150x150.jpg 150w, https:\/\/analysensiebe.de\/shop\/wp-content\/uploads\/sites\/13\/2021\/06\/Accessories-Highlight-768x768.jpg 768w, https:\/\/analysensiebe.de\/shop\/wp-content\/uploads\/sites\/13\/2021\/06\/Accessories-Highlight-1536x1536.jpg 1536w, https:\/\/analysensiebe.de\/shop\/wp-content\/uploads\/sites\/13\/2021\/06\/Accessories-Highlight-2048x2048.jpg 2048w, https:\/\/analysensiebe.de\/shop\/wp-content\/uploads\/sites\/13\/2021\/06\/Accessories-Highlight-600x600.jpg 600w, https:\/\/analysensiebe.de\/shop\/wp-content\/uploads\/sites\/13\/2021\/06\/Accessories-Highlight-100x100.jpg 100w\" sizes=\"auto, (max-width: 450px) 100vw, 450px\" \/><\/a><strong>U.S. Code of Federal Regulations (CFR, <em>Sammlung der Bundesverordnungen)<\/em><\/strong><\/p>\n<p>In den Vereinigten Staaten von Amerika kommen Analysensiebe und Industriesiebe teilweise in anderer Form als in Europ\u00e4ischen Normen festgelegt zum Einsatz. Die Normierung \u00fcber die ASTM E11 f\u00fcr Drahtgewebesiebe und ASTM E323 f\u00fcr Rund- und Quadratlochsiebe bietet eine weitestgehend \u00e4hnliche Grundlage zu den geltenden DIN \/ ISO Normen der meisten Anwendungsbereiche, allerdings gibt es einige Ausnahmen, die \u00fcber den Code of Regulations geregelt sind und nach ausgefalleneren Siebma\u00dfen verlangen.<\/p>\n<p>Siebtoleranzen nach<strong> \u00a7801.8 7 CFR Ch. VIII (1-1-18 Edition)<\/strong>: a) Maximale Abweichung der Blechdicke \u00b10.0015 in (0,0381 mm); b) Maximale Abweichung der Nennlochweite: \u00b10.001 in (0,0254 mm); c) Festlegungen bez\u00fcglich Siebgenauigkeit<\/p>\n<h6><span style=\"font-family: helvetica, arial, sans-serif;\"><strong>Alle Vorteile von Blau-Metall Analysensieben<\/strong><\/span><\/h6>\n<p style=\"padding-left: 30px;\"><span style=\"font-family: helvetica, arial, sans-serif;\"><br \/>\n\u2699 Stabile Edelstahl Konstruktion f\u00fcr lange Lebensdauer (Rahmen, Spannring &amp; Siebboden aus 1.4301 \/ 1.4401)<br \/>\n\u2699 Pr\u00e4zise Einhaltung der Nennlochweiten &amp; normkonforme Pr\u00fcfung<br \/>\n\u2699 Glatte Rahmenoberfl\u00e4che zur Vermeidung von Kontamination<br \/>\n\u2699 Kompatibilit\u00e4t mit vergleichbaren Analysensieben anderer Hersteller<br \/>\n\u2699 Laser-Gravur mit Seriennummer f\u00fcr vollst\u00e4ndige R\u00fcckverfolgbarkeit<\/span><\/p>\n<h6>Weiterf\u00fchrende Links:<\/h6>\n<div class=\"wvlinks\">\n<p style=\"padding-left: 40px;\">\u27a1 <a href=\"https:\/\/analysensiebe.de\/bml\/analysensiebe-gemas-u-s-code-of-federal-regulations\/\">Blau-Metall Analysensiebe nach CFR<\/a><\/p>\n<p style=\"padding-left: 40px;\">\u27a1<a href=\"https:\/\/analysensiebe.de\/bml\/siebanalyse-in-nationalen-internationalen-standards\/\"> Siebanalyse in nationalen &amp; internationalen Normen<\/a><\/p>\n<p style=\"padding-left: 40px;\">\u27a1 <a href=\"https:\/\/analysensiebe.de\/bml\/zertifizierung\/\">Details zu Normkonformit\u00e4t &amp; Zertifizierung<\/a><\/p>\n<\/div>\n<p><a href=\"https:\/\/analysensiebe.de\/shop\/wp-content\/uploads\/sites\/13\/2022\/10\/IMG_8189-scaled.jpg\"><img loading=\"lazy\" decoding=\"async\" class=\"aligncenter wp-image-4953\" src=\"https:\/\/analysensiebe.de\/shop\/wp-content\/uploads\/sites\/13\/2022\/10\/IMG_8189-scaled.jpg\" alt=\"\" width=\"1600\" height=\"343\" srcset=\"https:\/\/analysensiebe.de\/shop\/wp-content\/uploads\/sites\/13\/2022\/10\/IMG_8189-scaled.jpg 2560w, https:\/\/analysensiebe.de\/shop\/wp-content\/uploads\/sites\/13\/2022\/10\/IMG_8189-300x64.jpg 300w, https:\/\/analysensiebe.de\/shop\/wp-content\/uploads\/sites\/13\/2022\/10\/IMG_8189-1024x219.jpg 1024w, https:\/\/analysensiebe.de\/shop\/wp-content\/uploads\/sites\/13\/2022\/10\/IMG_8189-768x164.jpg 768w, https:\/\/analysensiebe.de\/shop\/wp-content\/uploads\/sites\/13\/2022\/10\/IMG_8189-1536x329.jpg 1536w, https:\/\/analysensiebe.de\/shop\/wp-content\/uploads\/sites\/13\/2022\/10\/IMG_8189-2048x438.jpg 2048w, https:\/\/analysensiebe.de\/shop\/wp-content\/uploads\/sites\/13\/2022\/10\/IMG_8189-600x128.jpg 600w\" sizes=\"auto, (max-width: 1600px) 100vw, 1600px\" \/><\/a><\/p>\n","protected":false},"excerpt":{"rendered":"<table style=\"border-top: 2px solid black; border-bottom: 2px solid black;\">\n<tbody>\n<tr>\n<td>Artikel Nr.:<\/td>\n<td>622112<\/td>\n<\/tr>\n<tr>\n<td><strong>Nennlochweite w \/ mm<\/strong><\/td>\n<td><strong>4,76 (<sup>12<\/sup>\/<sub>64<\/sub> inch)<br \/>\n<\/strong><\/td>\n<\/tr>\n<tr>\n<td>Lochteilung p \/ mm<\/td>\n<td>6,35<\/td>\n<\/tr>\n<tr>\n<td>Siebdurchmesser mm<\/td>\n<td>200<\/td>\n<\/tr>\n<tr>\n<td>Nutzh\u00f6he H<sub>1<\/sub> \/ mm<\/td>\n<td>32 oder 50<\/td>\n<\/tr>\n<tr>\n<td>Rahmenmaterial<\/td>\n<td>Edelstahl<\/td>\n<\/tr>\n<tr>\n<td>Siebmedium<\/td>\n<td>Lochblech aus Edelstahl<\/td>\n<\/tr>\n<tr>\n<td>Normen<\/td>\n<td>\u00a7801.8 7 CFR Ch. VIII (1-1-18 Edition)<\/td>\n<\/tr>\n<tr>\n<td>G\u00fcteklasse<\/td>\n<td>Standard<\/td>\n<\/tr>\n<\/tbody>\n<\/table>\n","protected":false},"featured_media":623,"template":"","meta":{"_monsterinsights_skip_tracking":false,"_monsterinsights_sitenote_active":false,"_monsterinsights_sitenote_note":"","_monsterinsights_sitenote_category":0},"product_brand":[],"product_cat":[172,548,557,579,54,53,50,49,48,47,46,43,41,15],"product_tag":[],"class_list":{"0":"post-625","1":"product","2":"type-product","3":"status-publish","4":"has-post-thumbnail","6":"product_cat-u-s-code-of-federal-regulations","7":"product_cat-200-mm-norm","8":"product_cat-200-mm-norm-cfr","9":"product_cat-200-mm-typ-rundloch","10":"product_cat-edelstahl-rahmen","11":"product_cat-rahmenmaterial","12":"product_cat-200mm","13":"product_cat-durchmesser","14":"product_cat-50mm","15":"product_cat-32mm","16":"product_cat-nutzhoehe","17":"product_cat-rundloch","18":"product_cat-siebtyp","19":"product_cat-norm","20":"post-thumbnail-displayed","21":"wcpa_has_options","23":"first","24":"instock","25":"taxable","26":"shipping-taxable","27":"purchasable","28":"product-type-simple"},"aioseo_notices":[],"wcpa_form_fields":{"wcpaData":{"product":{"product_price":189.21,"price_html":"ab <span class=\"woocommerce-Price-amount amount\"><bdi><span class=\"woocommerce-Price-currencySymbol\">&euro;<\/span>&nbsp;189,21<\/bdi><\/span>","original_product_price":189.21,"price_including_tax":189.21,"price_excluding_tax":159,"product_id":{"parent":625,"variation":false},"is_variable":false,"stock_status":"instock","stock_quantity":2,"parent_sku":"622112","product_attributes":{"pa_brand":{"is_variation":false,"values":["blau-metall"]},"pa_lochung":{"is_variation":false,"values":["rundloch"]},"pa_nennlochweite":{"is_variation":false,"values":["12-64-inch-476-mm"]},"pa_lochteilung":{"is_variation":false,"values":["635-mm"]},"pa_blechdicke":{"is_variation":false,"values":["08-mm"]},"pa_normen":{"is_variation":false,"values":["%c2%a7801-8-7-cfr-ch-viii"]},"pa_siebdurchmesser":{"is_variation":false,"values":["200-mm"]},"pa_nutzhoehe-siebtiefe-h1":{"is_variation":false,"values":["32-mm","50-mm"]},"pa_rahmenmaterial":{"is_variation":false,"values":["edelstahl"]},"pa_siebmedium":{"is_variation":false,"values":["lochblech-aus-edelstahl-1-4301-1-4401"]},"pa_gueteklasse":{"is_variation":false,"values":["standard"]},"pa_herkunftsland":{"is_variation":false,"values":["deutschland"]},"pa_weite-in-mm":{"is_variation":false,"values":["476"]},"pa_art-bez":{"is_variation":false,"values":["476-mm-rundloch"]},"pa_w-in-mm":{"is_variation":false,"values":["4760"]},"pa_w-rl":{"is_variation":false,"values":["476-mm"]}},"custom_fields":[],"is_taxable":true,"product_name":"Analysensieb CFR","hasImage":false},"fields":{"sec_469f10a3b0cbcb":{"extra":{"key":"sec_469f10a3b0cbcb","section_id":"sec_469f10a3b0cbcb","name":"Default","status":1,"cl_rule":"show","enableCl":false,"relations":[],"toggle":true,"title_tag":"h3","show_title":false,"showPrice":"default","form_id":620,"form_rules":{"exclude_from_discount":false,"fee_label":"Geb\u00fchr","disp_hide_options_price":false,"disp_show_section_price":false,"disp_show_field_price":true,"layout_option":"standard","pric_use_as_fee":false,"process_fee_as":"woo_fee"},"layout_option":"standard"},"fields":[[{"type":"checkbox-group","required":true,"elementId":"wcpa-checkbox-group-5da364b5be4d9","label":"Nutzh\u00f6he \/ Siebtiefe H1","description":"","desc_type":true,"inline":true,"enablePrice":true,"priceOptions":"different_for_all","pricingType":"fixed","name":"checkbox-group-5da364b5be559","min_options":"1","max_options":"1","cl_rule":"show","col":"3","values":[{"label":"32 mm","value":"32mm","price":"0,00","gt_translate_keys":["label"]},{"label":"50 mm","value":"50mm","price":"2","gt_translate_keys":["label"]}],"relations":false,"active":true,"tooltip":"Nutzh\u00f6he \/ Tiefe H1 des Analysensiebs, wie definiert in DIN ISO 2395","layOut":"inline","gt_translate_keys":["label","description","tooltip"],"price_dependency":false,"cl_dependency":false,"value":""},{"type":"checkbox-group","required":true,"elementId":"wcpa-checkbox-group-5da364b5be5d9","label":"Norm","description":"","desc_type":true,"inline":true,"priceOptions":"different_for_all","pricingType":"fixed","name":"checkbox-group-5da364b5be653","min_options":"1","max_options":"1","cl_rule":"show","col":"3","values":[{"label":"\u00a7801.8 7 CFR Ch. VIII","value":"801-cfr","price":"","selected":true,"gt_translate_keys":["label"]}],"relations":[{"operator":false,"rules":[]}],"active":true,"tooltip":"Welcher Norm soll dieses Analysensieb entsprechen?","layOut":"inline","gt_translate_keys":["label","description","tooltip"],"price_dependency":false,"cl_dependency":["wcpa-radio-group-5da364b5be6c3"],"value":""}],[{"type":"content","subtype":"p","label":"","elementId":"wcpa-paragraph-1736019907966","pricingType":"fixed","cl_rule":"show","col":6,"relations":false,"active":true,"tooltip":"","value":"<span style=\"font-family: montserrat;font-weight: 500;color: black\"><span style=\"font-size: 14pt\">Technische Daten:<\/span><\/span>\n<a href=\"https:\/\/analysensiebe.de\/public_docs\/Technische%20Daten%20-%20Blau-Metall%20Lochblech%20Analysensiebe,%20200%20x%2032%20mm.pdf\"><span style=\"text-decoration: underline\"><span style=\"color: #039bd5;text-decoration: underline\"><span style=\"font-size: 11pt\">Blau-Metall Lochblech-Analysensiebe, <b>200 x 32 mm <\/b>(PDF-Datenblatt)<\/span><\/span><\/span><\/a>\n<a href=\"https:\/\/analysensiebe.de\/public_docs\/Technische%20Daten%20-%20Blau-Metall%20Lochblech%20Analysensiebe,%20200%20x%2050%20mm.pdf\"><span style=\"text-decoration: underline\"><span style=\"color: #039bd5;text-decoration: underline\"><span style=\"font-size: 11pt\">Blau-Metall Lochblech-Analysensiebe, <b>200 x 50 mm<\/b> (PDF-Datenblatt)<\/span><\/span><\/span><\/a>","name":"wcpa-paragraph-1736019907966","contentType":"plain","gt_translate_keys":["label","value","tooltip"],"price_dependency":false,"cl_dependency":false}],[{"type":"radio-group","required":true,"elementId":"wcpa-radio-group-5da364b5be6c3","label":"Lochung des Randes","desc_type":true,"inline":true,"priceOptions":"different_for_all","pricingType":"fixed","name":"radio-group-5da364b5be733","min_options":"1","max_options":"2","enableCl":true,"cl_rule":"show","cl_val":"801-cfr","col":6,"values":[{"label":"Ungelochter Rand, Lochfeld 185 mm","value":"ungelochter-rand","price":"0,00","selected":true,"gt_translate_keys":["label"]}],"relations":[{"operator":false,"rules":[{"operator":false,"rules":{"cl_field":"wcpa-checkbox-group-5da364b5be5d9","cl_relation":"is","cl_val":"801-cfr"}}]}],"active":true,"tooltip":"","description":"","layOut":"inline","gt_translate_keys":["label","description","tooltip"],"price_dependency":false,"cl_dependency":false,"value":""}],[{"type":"radio-group","required":true,"elementId":"wcpa-radio-group-5da364b5be889","label":"Zertifizierung, Kalibrierung & Dokumentation","description":"","desc_type":true,"inline":true,"enablePrice":true,"priceOptions":"different_for_all","pricingType":"fixed","name":"radio-group-5da364b5be8f7","min_options":"1","max_options":"2","cl_rule":"show","col":6,"values":[{"label":"Werksbescheinigung 2.1 gem\u00e4\u00df EN 10204 + Analysensieb Stammkarte","value":"werksbescheinigung-stammkarte","price":"0,00","gt_translate_keys":["label"]},{"label":"Zertifizierung & Abnahmepr\u00fcfzeugnis 3.1 (gem\u00e4\u00df EN 10 204)","value":"zertifizierung-abnahmepr\u00fcfzeugnis-3-1","price":"22,50","gt_translate_keys":["label"]},{"label":"Kalibrierung & Abnahmepr\u00fcfzeugnis 3.1 (gem\u00e4\u00df EN 10 204)","value":"kalibrierung-abnahmepr\u00fcfzeugnis-3-1","price":"40","gt_translate_keys":["label"]}],"relations":false,"active":true,"tooltip":"Bestellen Sie die Zertifizierung oder Kalibrierung nach DIN ISO 3310 f\u00fcr dieses Analysensieb direkt mit:","layOut":"inline","gt_translate_keys":["label","description","tooltip"],"price_dependency":false,"cl_dependency":false,"value":""}],[{"type":"checkbox-group","elementId":"wcpa-checkbox-group-5da364b5be969","label":"Zus\u00e4tzliche Optionen","inline":true,"enablePrice":true,"priceOptions":"different_for_all","pricingType":"fixed","name":"checkbox-group-5da364b5be9d8","max_options":"1","cl_rule":"show","col":6,"values":[{"label":"Lebensmittelechtheit (Verwendung von Weichlot gem\u00e4\u00df DIN EN 29453)","value":"lebensmittelechtheit","price":"4,5","gt_translate_keys":["label"]},{"label":"Lebensmittelechtheit + Temperaturbest\u00e4ndigkeit bis 200\u00b0C","value":"temperaturbestaendigkeit","price":"12","gt_translate_keys":["label"]}],"relations":false,"active":true,"tooltip":"","layOut":"inline","gt_translate_keys":["label","tooltip"],"price_dependency":false,"cl_dependency":false,"value":""}],[{"type":"checkbox-group","required":true,"elementId":"wcpa-checkbox-group-5da364b5bea46","label":"Sprache der Lasergravur & Pr\u00fcfdokumentation","inline":true,"priceOptions":"different_for_all","pricingType":"fixed","name":"checkbox-group-5da364b5beac0","min_options":"1","max_options":"1","cl_rule":"show","col":6,"values":[{"label":"Deutsch","value":"deutsch","price":"2,00","gt_translate_keys":["label"]},{"label":"Englisch (Lieferzeit bis zu 14 Tage)","value":"englisch","price":"7,50","gt_translate_keys":["label"]}],"relations":false,"active":true,"tooltip":"","layOut":"inline","gt_translate_keys":["label","tooltip"],"price_dependency":false,"cl_dependency":false,"value":""}]]}},"config":{"price_override":"","enable_recaptcha":false,"bind_quantity":false,"quantity_bind_formula":false,"disp_summ_show_option_price":true,"disp_summ_show_product_price":true,"disp_summ_show_total_price":true,"disp_summ_show_fee":false,"disp_summ_show_discount":false,"summary_title":"","options_total_label":"Preisoptionen","total_label":"Gesamtpreis","options_product_label":"Produktpreis ohne Optionen","fee_label":"Geb\u00fchr","discount_label":"Discount","has_price":true,"has_quantity_formula":false},"mc_unit":1,"tax_rate":1.19,"tax_rate_real":0.19,"discount":{"percentage":0,"fixed":0},"design":{"conf":{"LabelPosition":"above","DescPosition":"above","UploadField":"custom_1","QuantityFieldStyle":"default"},"css":{"LeftLabelWidth":"120px"}},"formulas":[],"lookuptables":[],"clones":false,"cartKey":false}},"_links":{"self":[{"href":"https:\/\/analysensiebe.de\/shop\/wp-json\/wp\/v2\/product\/625","targetHints":{"allow":["GET"]}}],"collection":[{"href":"https:\/\/analysensiebe.de\/shop\/wp-json\/wp\/v2\/product"}],"about":[{"href":"https:\/\/analysensiebe.de\/shop\/wp-json\/wp\/v2\/types\/product"}],"wp:featuredmedia":[{"embeddable":true,"href":"https:\/\/analysensiebe.de\/shop\/wp-json\/wp\/v2\/media\/623"}],"wp:attachment":[{"href":"https:\/\/analysensiebe.de\/shop\/wp-json\/wp\/v2\/media?parent=625"}],"wp:term":[{"taxonomy":"product_brand","embeddable":true,"href":"https:\/\/analysensiebe.de\/shop\/wp-json\/wp\/v2\/product_brand?post=625"},{"taxonomy":"product_cat","embeddable":true,"href":"https:\/\/analysensiebe.de\/shop\/wp-json\/wp\/v2\/product_cat?post=625"},{"taxonomy":"product_tag","embeddable":true,"href":"https:\/\/analysensiebe.de\/shop\/wp-json\/wp\/v2\/product_tag?post=625"}],"curies":[{"name":"wp","href":"https:\/\/api.w.org\/{rel}","templated":true}]}}