{"id":4405,"date":"2021-08-28T14:39:28","date_gmt":"2021-08-28T14:39:28","guid":{"rendered":"https:\/\/analysensiebe.de\/shop\/?post_type=product&#038;p=4405"},"modified":"2025-01-21T18:23:48","modified_gmt":"2025-01-21T18:23:48","slug":"abverkauf-b032","status":"publish","type":"product","link":"https:\/\/analysensiebe.de\/shop\/produkt\/abverkauf-b032\/","title":{"rendered":"Angebote &#038; Abverkauf"},"content":{"rendered":"<p><span style=\"font-size: 18pt; color: #284b67;\"><strong>Blau-Metall Analysensieb (Labor Pr\u00fcfsieb) &#8211; Langloch 1,95 (\u00b10,05) x 20,0 mm<\/strong><\/span><\/p>\n<p><span style=\"color: #5dbcd2;\"><strong>Siebtyp:<\/strong><\/span> Abg. Langloch<br \/>\n<span style=\"color: #5dbcd2;\"><strong>Siebdurchmesser:<\/strong><\/span>\u00a0200 mm<br \/>\n<span style=\"color: #5dbcd2;\"><strong>Nutzh\u00f6he (Siebtiefe H<sub>1<\/sub>):<\/strong><\/span> 32 mm<br \/>\n<strong><span style=\"color: #5dbcd2;\">Rahmen:<\/span>\u00a0<\/strong>Edelstahl<br \/>\n<span style=\"color: #5dbcd2;\"><strong>Siebboden:<\/strong><\/span>\u00a0Edelstahl<\/p>\n<p><span style=\"color: #5dbcd2;\"><strong>Lochweite (<em>w<sub>1<\/sub><\/em>): <\/strong><\/span>1,95 mm \u00b10,05 mm<br \/>\n<span style=\"color: #5dbcd2;\"><strong>Lochl\u00e4nge (<em>w<sub>2<\/sub><\/em>):<\/strong><\/span> 20,0 mm \u00b10,2 mm<br \/>\n<span style=\"color: #5dbcd2;\"><strong>Lochteilung (<em>p<sub>1<\/sub><\/em>): <\/strong><\/span>4,5 mm<br \/>\n<span style=\"color: #5dbcd2;\"><strong>Lochteilung (<em>p<sub>2<\/sub><\/em>):<\/strong><\/span> 25,0 mm<br \/>\n<span style=\"color: #5dbcd2;\"><strong>Norm: <\/strong><\/span>o.g. Toleranzen<br \/>\n<span style=\"color: #5dbcd2;\"><strong>Seriennummer: <\/strong><\/span>Mit Lasergravur und individueller Seriennummer<\/p>\n<p><span style=\"color: #ff0000;\"><strong>ACHTUNG:<\/strong> <\/span>Verkauf von Ausschuss-Ware: Voll-funktionsf\u00e4higes Analysensieb (mitunter leichte kosmetische Spuren vorhanden) gem\u00e4\u00df den oben genannten Toleranzen. Nutzung zur Handsiebung.<\/p>\n<h6>Weiterf\u00fchrende Links:<\/h6>\n<div class=\"wvlinks\">\n<p style=\"padding-left: 40px;\">\u27a1 <a href=\"https:\/\/analysensiebe.de\/bml\/analysensiebe-nach-din-iso-3310\/\">Blau-Metall Analysensiebe nach DIN ISO 3310<\/a><\/p>\n<p style=\"padding-left: 40px;\">\u27a1<a href=\"https:\/\/analysensiebe.de\/bml\/siebanalyse-in-nationalen-internationalen-standards\/\"> Siebanalyse in nationalen &amp; internationalen Normen<\/a><\/p>\n<p style=\"padding-left: 40px;\">\u27a1 <a href=\"https:\/\/analysensiebe.de\/bml\/zertifizierung\/\">Details zu Normkonformit\u00e4t &amp; Zertifizierung<\/a><\/p>\n<\/div>\n<p><img loading=\"lazy\" decoding=\"async\" class=\"aligncenter wp-image-6133\" src=\"https:\/\/analysensiebe.de\/shop\/wp-content\/uploads\/sites\/13\/2025\/01\/BlauMetall_Frontpage_2023_Reducebg_deflate-1024x530.jpg\" alt=\"\" width=\"850\" height=\"440\" srcset=\"https:\/\/analysensiebe.de\/shop\/wp-content\/uploads\/sites\/13\/2025\/01\/BlauMetall_Frontpage_2023_Reducebg_deflate-1024x530.jpg 1024w, https:\/\/analysensiebe.de\/shop\/wp-content\/uploads\/sites\/13\/2025\/01\/BlauMetall_Frontpage_2023_Reducebg_deflate-300x155.jpg 300w, https:\/\/analysensiebe.de\/shop\/wp-content\/uploads\/sites\/13\/2025\/01\/BlauMetall_Frontpage_2023_Reducebg_deflate-768x397.jpg 768w, https:\/\/analysensiebe.de\/shop\/wp-content\/uploads\/sites\/13\/2025\/01\/BlauMetall_Frontpage_2023_Reducebg_deflate-1536x794.jpg 1536w, https:\/\/analysensiebe.de\/shop\/wp-content\/uploads\/sites\/13\/2025\/01\/BlauMetall_Frontpage_2023_Reducebg_deflate-600x310.jpg 600w, https:\/\/analysensiebe.de\/shop\/wp-content\/uploads\/sites\/13\/2025\/01\/BlauMetall_Frontpage_2023_Reducebg_deflate.jpg 1920w\" sizes=\"auto, (max-width: 850px) 100vw, 850px\" \/><\/p>\n","protected":false},"excerpt":{"rendered":"<p><span style=\"color: #ff0000;\"><strong>Achtung:<\/strong> <\/span>In diesem Bereich des Shops werden teilweise B-Waren zu reduzierten Preisen angeboten. Bitte Artikelbeschreibung &amp; Artikelfotos beachten &#8211; Es erfolgt keine R\u00fccknahme wegen beschriebener M\u00e4ngel!<\/p>\n","protected":false},"featured_media":623,"template":"","meta":{"_monsterinsights_skip_tracking":false,"_monsterinsights_sitenote_active":false,"_monsterinsights_sitenote_note":"","_monsterinsights_sitenote_category":0},"product_brand":[],"product_cat":[594,475,50,45,41],"product_tag":[],"class_list":{"0":"post-4405","1":"product","2":"type-product","3":"status-publish","4":"has-post-thumbnail","6":"product_cat-200-mm-abverkauf","7":"product_cat-abverkauf","8":"product_cat-200mm","9":"product_cat-langloch","10":"product_cat-siebtyp","11":"pa_abverkauf-bez-analysensieb-200-x-32-mm-langloch-195-x-200-mm","12":"post-thumbnail-displayed","14":"first","15":"outofstock","16":"taxable","17":"shipping-taxable","18":"purchasable","19":"product-type-simple"},"aioseo_notices":[],"wcpa_form_fields":null,"_links":{"self":[{"href":"https:\/\/analysensiebe.de\/shop\/wp-json\/wp\/v2\/product\/4405","targetHints":{"allow":["GET"]}}],"collection":[{"href":"https:\/\/analysensiebe.de\/shop\/wp-json\/wp\/v2\/product"}],"about":[{"href":"https:\/\/analysensiebe.de\/shop\/wp-json\/wp\/v2\/types\/product"}],"wp:featuredmedia":[{"embeddable":true,"href":"https:\/\/analysensiebe.de\/shop\/wp-json\/wp\/v2\/media\/623"}],"wp:attachment":[{"href":"https:\/\/analysensiebe.de\/shop\/wp-json\/wp\/v2\/media?parent=4405"}],"wp:term":[{"taxonomy":"product_brand","embeddable":true,"href":"https:\/\/analysensiebe.de\/shop\/wp-json\/wp\/v2\/product_brand?post=4405"},{"taxonomy":"product_cat","embeddable":true,"href":"https:\/\/analysensiebe.de\/shop\/wp-json\/wp\/v2\/product_cat?post=4405"},{"taxonomy":"product_tag","embeddable":true,"href":"https:\/\/analysensiebe.de\/shop\/wp-json\/wp\/v2\/product_tag?post=4405"}],"curies":[{"name":"wp","href":"https:\/\/api.w.org\/{rel}","templated":true}]}}