{"id":1460,"date":"2019-10-30T21:17:35","date_gmt":"2019-10-30T21:17:35","guid":{"rendered":"https:\/\/analysensiebe.de\/shop\/?post_type=product&#038;p=1460"},"modified":"2024-08-09T19:05:26","modified_gmt":"2024-08-09T19:05:26","slug":"handsieb-drahtgewebe-1250","status":"publish","type":"product","link":"https:\/\/analysensiebe.de\/shop\/produkt\/handsieb-drahtgewebe-1250\/","title":{"rendered":"Handsieb Drahtgewebe"},"content":{"rendered":"<p><a href=\"https:\/\/analysensiebe.de\/shop\/wp-content\/uploads\/sites\/13\/2019\/10\/IMG_4695-scaled.jpg\"><img loading=\"lazy\" decoding=\"async\" class=\"alignright wp-image-5013 \" src=\"https:\/\/analysensiebe.de\/shop\/wp-content\/uploads\/sites\/13\/2019\/10\/IMG_4695-1024x965.jpg\" alt=\"\" width=\"460\" height=\"433\" srcset=\"https:\/\/analysensiebe.de\/shop\/wp-content\/uploads\/sites\/13\/2019\/10\/IMG_4695-1024x965.jpg 1024w, https:\/\/analysensiebe.de\/shop\/wp-content\/uploads\/sites\/13\/2019\/10\/IMG_4695-300x283.jpg 300w, https:\/\/analysensiebe.de\/shop\/wp-content\/uploads\/sites\/13\/2019\/10\/IMG_4695-768x724.jpg 768w, https:\/\/analysensiebe.de\/shop\/wp-content\/uploads\/sites\/13\/2019\/10\/IMG_4695-1536x1448.jpg 1536w, https:\/\/analysensiebe.de\/shop\/wp-content\/uploads\/sites\/13\/2019\/10\/IMG_4695-2048x1930.jpg 2048w, https:\/\/analysensiebe.de\/shop\/wp-content\/uploads\/sites\/13\/2019\/10\/IMG_4695-600x566.jpg 600w\" sizes=\"auto, (max-width: 460px) 100vw, 460px\" \/><\/a>Auf Basis der DIN ISO 3310 bietet Blau-Metall ein breites Spektrum an ma\u00dfhaltigen Analysensieben f\u00fcr traditionelle Partikelanalyse in Industrie und Wissenschaft an.<\/p>\n<p>Mittels unserer Produktpalette von Rundloch-, Quadratloch- und Gewebesieben bieten wir f\u00fcr alle Siebaufgaben die passende L\u00f6sung: Handsiebung, konventionelle Siebanalyse von Sch\u00fcttg\u00fctern sowie Trocken- und Nasssiebung. <strong>Siebe hergestellt nach Industrienorm DIN ISO 9044 bieten eine kosteng\u00fcnstigere Alternative f\u00fcr Anwendungen au\u00dferhalb des Labors.<\/strong><\/p>\n<p>Alle Blau-Metall Siebe bestehen aus einem stabilen Edelstahlrahmen und verwenden rostfreies Edelstahl-Metalldrahtgewebe aus Edelstahl um eine hohe Formstabilit\u00e4t und zuverl\u00e4ssige Siebung zu garantieren. Speziell f\u00fcr Drahtgewebssiebe bietet das Blau-Metall-Verfahren eine hohe Gewebespannung und lange Lebensdauer. Die Siebe sind ohne Probleme mit anderen Analysensieben kombinierbar.<\/p>\n<h6><span style=\"font-family: helvetica, arial, sans-serif;\"><strong>Alle Vorteile von Blau-Metall Analysensieben<\/strong><\/span><\/h6>\n<p style=\"padding-left: 30px;\"><span style=\"font-family: helvetica, arial, sans-serif;\">\u2699 Edelstahl Siebrahmen und Lochblech bzw. Drahtgewebe<\/span><br \/>\n<span style=\"font-family: helvetica, arial, sans-serif;\"> \u2699 Lange Lebensdauer und Zuverl\u00e4ssigkeit beim Sieben<\/span><br \/>\n<span style=\"font-family: helvetica, arial, sans-serif;\"> \u2699 Glatte Rahmenoberfl\u00e4che zur Vermeidung von Kontamination<\/span><br \/>\n<span style=\"font-family: helvetica, arial, sans-serif;\"> \u2699 Hohe Spannung des Siebgewebes auch nach langer Nutzungsdauer<\/span><br \/>\n<span style=\"font-family: helvetica, arial, sans-serif;\"> \u2699 Korrosionsbest\u00e4ndigkeit und leichte Reinigung<\/span><br \/>\n<span style=\"font-family: helvetica, arial, sans-serif;\"> \u2699 Kompatibilit\u00e4t mit vergleichbaren Analysensieben anderer Hersteller<\/span><\/p>\n<h6>Weiterf\u00fchrende Links:<\/h6>\n<div class=\"wvlinks\">\n<p style=\"padding-left: 40px;\">\u27a1 <a href=\"https:\/\/analysensiebe.de\/bml\/analysensiebe-nach-din-iso-3310\/\">Blau-Metall Analysensiebe nach DIN ISO 3310-1<\/a><\/p>\n<p style=\"padding-left: 40px;\">\u27a1 <a href=\"https:\/\/analysensiebe.de\/bml\/analysensiebe-nach-astm-e-11\/\">Blau-Metall Analysensiebe nach ASTM E11<\/a><\/p>\n<p style=\"padding-left: 40px;\">\u27a1 <a href=\"https:\/\/analysensiebe.de\/#application\">Anwendungsgebiete f\u00fcr Drahtgewebe-Siebe<\/a><\/p>\n<p style=\"padding-left: 40px;\">\u27a1 <a href=\"https:\/\/analysensiebe.de\/bml\/zertifizierung\/\">Details zu Normkonformit\u00e4t &amp; Zertifizierung<\/a><\/p>\n<\/div>\n<p><a href=\"https:\/\/analysensiebe.de\/shop\/wp-content\/uploads\/sites\/13\/2019\/09\/ISO_3310_1_Closeup-scaled.jpg\"><img loading=\"lazy\" decoding=\"async\" class=\"aligncenter wp-image-4986\" src=\"https:\/\/analysensiebe.de\/shop\/wp-content\/uploads\/sites\/13\/2019\/09\/ISO_3310_1_Closeup-scaled.jpg\" alt=\"\" width=\"1600\" height=\"439\" srcset=\"https:\/\/analysensiebe.de\/shop\/wp-content\/uploads\/sites\/13\/2019\/09\/ISO_3310_1_Closeup-scaled.jpg 2560w, https:\/\/analysensiebe.de\/shop\/wp-content\/uploads\/sites\/13\/2019\/09\/ISO_3310_1_Closeup-300x82.jpg 300w, https:\/\/analysensiebe.de\/shop\/wp-content\/uploads\/sites\/13\/2019\/09\/ISO_3310_1_Closeup-1024x281.jpg 1024w, https:\/\/analysensiebe.de\/shop\/wp-content\/uploads\/sites\/13\/2019\/09\/ISO_3310_1_Closeup-768x211.jpg 768w, https:\/\/analysensiebe.de\/shop\/wp-content\/uploads\/sites\/13\/2019\/09\/ISO_3310_1_Closeup-1536x422.jpg 1536w, https:\/\/analysensiebe.de\/shop\/wp-content\/uploads\/sites\/13\/2019\/09\/ISO_3310_1_Closeup-2048x563.jpg 2048w, https:\/\/analysensiebe.de\/shop\/wp-content\/uploads\/sites\/13\/2019\/09\/ISO_3310_1_Closeup-600x165.jpg 600w\" sizes=\"auto, (max-width: 1600px) 100vw, 1600px\" \/><\/a><\/p>\n","protected":false},"excerpt":{"rendered":"<table style=\"border-top: 2px solid black; border-bottom: 2px solid black; width: 100%;\">\n<tbody>\n<tr>\n<td style=\"width: 51.9824%;\">Artikel Nr.:<\/td>\n<td style=\"width: 46.2555%;\">9065<\/td>\n<\/tr>\n<tr>\n<td style=\"width: 51.9824%;\"><strong>Nennmaschenweite w \/ mm<\/strong><\/td>\n<td style=\"width: 46.2555%;\"><strong>1,25 mm<br \/>\n<\/strong><\/td>\n<\/tr>\n<tr>\n<td style=\"width: 51.9824%;\">Drahtdurchmesser d \/ mm<\/td>\n<td style=\"width: 46.2555%;\">0,50 mm<\/td>\n<\/tr>\n<tr>\n<td style=\"width: 51.9824%;\">Siebdurchmesser mm<\/td>\n<td style=\"width: 46.2555%;\">200<\/td>\n<\/tr>\n<tr>\n<td style=\"width: 51.9824%;\">Nutzh\u00f6he H<sub>1<\/sub> \/ mm<\/td>\n<td style=\"width: 46.2555%;\">32 oder 50<\/td>\n<\/tr>\n<tr>\n<td style=\"width: 51.9824%;\">Rahmenmaterial<\/td>\n<td style=\"width: 46.2555%;\">Edelstahl<\/td>\n<\/tr>\n<tr>\n<td style=\"width: 51.9824%;\">Siebmedium<\/td>\n<td style=\"width: 46.2555%;\">Edelstahl Metalldrahtgewebe<\/td>\n<\/tr>\n<tr>\n<td style=\"width: 51.9824%;\">Normen<\/td>\n<td style=\"width: 46.2555%;\">Keine Toleranzangabe<\/td>\n<\/tr>\n<\/tbody>\n<\/table>\n","protected":false},"featured_media":1458,"template":"","meta":{"_monsterinsights_skip_tracking":false,"_monsterinsights_sitenote_active":false,"_monsterinsights_sitenote_note":"","_monsterinsights_sitenote_category":0},"product_brand":[],"product_cat":[604,577,575,359,54,53,50,49,48,47,46,42,41],"product_tag":[],"class_list":{"0":"post-1460","1":"product","2":"type-product","3":"status-publish","4":"has-post-thumbnail","6":"product_cat-handsieb-200-mm-typ","7":"product_cat-200-mm-typ-drahtgewebe","8":"product_cat-200-mm-typ","9":"product_cat-handsieb","10":"product_cat-edelstahl-rahmen","11":"product_cat-rahmenmaterial","12":"product_cat-200mm","13":"product_cat-durchmesser","14":"product_cat-50mm","15":"product_cat-32mm","16":"product_cat-nutzhoehe","17":"product_cat-drahtgewebe","18":"product_cat-siebtyp","19":"wcpa_has_options","20":"post-thumbnail-displayed","22":"first","23":"instock","24":"taxable","25":"shipping-taxable","26":"purchasable","27":"product-type-simple"},"aioseo_notices":[],"wcpa_form_fields":{"rules":{"pric_overide_base_price":false,"pric_overide_base_price_if_gt_zero":false,"pric_cal_option_once":false,"pric_use_as_fee":false,"bind_quantity":false,"quantity_bind_formula":false},"fields":[{"type":"checkbox-group","required":true,"elementId":"wcpa-checkbox-group-5db9f4df8d531","label":"Nutzh\u00f6he \/ Siebtiefe H1","description":"Nutzh\u00f6he \/ Tiefe H1 des Analysensiebs, wie definiert in DIN ISO 2395","desc_type":true,"inline":true,"enablePrice":true,"priceOptions":"different_for_all","pricingType":"fixed","name":"checkbox-group-5db9f4df8d5ae","min_options":"1","max_options":"1","cl_rule":"show","col":"3","values":[{"label":"32 mm","value":"32mm","price":"0,00"},{"label":"50 mm","value":"50mm","price":"2,00"}],"relations":false,"form_id":1450,"form_rules":{"pric_cal_option_once":false,"exclude_from_discount":false,"pric_use_as_fee":false,"fee_label":"Geb\u00fchr","render_after_acb":false,"disp_hide_options_price":false}},{"type":"checkbox-group","required":true,"elementId":"wcpa-checkbox-group-5db9f4df8d60b","label":"Norm","description":"Welcher Norm soll dieses Analysensieb entsprechen?","desc_type":true,"inline":true,"priceOptions":"different_for_all","pricingType":"fixed","name":"checkbox-group-5db9f4df8d663","min_options":"1","max_options":"1","cl_rule":"show","col":"3","values":[{"label":"Kein Normstandard; Nutzung zur Handsiebung","value":"keine-norm","price":"","selected":true}],"relations":[{"operator":false,"rules":[]}],"form_id":1450,"form_rules":{"pric_cal_option_once":false,"exclude_from_discount":false,"pric_use_as_fee":false,"fee_label":"Geb\u00fchr","render_after_acb":false,"disp_hide_options_price":false}},{"type":"paragraph","subtype":"p","label":"<span style=\"font-family: montserrat;font-weight: 500;color: black\"><span style=\"font-size: 14pt\">Technische Daten:<\/span><\/span>\n<a href=\"https:\/\/analysensiebe.de\/public_docs\/Technische%20Daten%20-%20Blau-Metall%20Drahtgewebe%20Analysensiebe,%20200%20x%2032%20mm.pdf\"><span style=\"text-decoration: underline\"><span style=\"color: #039bd5;text-decoration: underline\"><span style=\"font-size: 11pt\">Blau-Metall Drahtgewebe-Analysensiebe, <b>200 x 32 mm <\/b>(PDF-Datenblatt)<\/span><\/span><\/span><\/a>\n<a href=\"https:\/\/analysensiebe.de\/public_docs\/Technische%20Daten%20-%20Blau-Metall%20Drahtgewebe%20Analysensiebe,%20200%20x%2050%20mm.pdf\"><span style=\"text-decoration: underline\"><span style=\"color: #039bd5;text-decoration: underline\"><span style=\"font-size: 11pt\">Blau-Metall Drahtgewebe-Analysensiebe, <b>200 x 50 mm<\/b> (PDF-Datenblatt)<\/span><\/span><\/span><\/a>","elementId":"wcpa-paragraph-1736020206732","pricingType":"fixed","cl_rule":"show","col":6,"relations":false,"form_id":1450,"form_rules":{"pric_cal_option_once":false,"exclude_from_discount":false,"pric_use_as_fee":false,"fee_label":"Geb\u00fchr","render_after_acb":false,"disp_hide_options_price":false}},{"type":"radio-group","required":true,"elementId":"wcpa-radio-group-5db9f4df8d6b9","label":"Toleranzen","priceOptions":"different_for_all","pricingType":"fixed","name":"radio-group-5db9f4df8d70d","cl_rule":"show","col":6,"values":[{"label":"Keine Toleranzangabe","value":"ohne","price":"","selected":true}],"relations":false,"form_id":1450,"form_rules":{"pric_cal_option_once":false,"exclude_from_discount":false,"pric_use_as_fee":false,"fee_label":"Geb\u00fchr","render_after_acb":false,"disp_hide_options_price":false}},{"type":"radio-group","required":true,"elementId":"wcpa-radio-group-1572467985549","label":"Zertifizierung, Kalibrierung &amp; Dokumentation","description":"Bestellen Sie die Zertifizierung oder Kalibrierung f\u00fcr dieses Analysensieb direkt mit:","desc_type":true,"priceOptions":"different_for_all","pricingType":"fixed","name":"radio-group-1572467985547","cl_rule":"show","col":6,"values":[{"label":"F\u00fcr dieses Sieb sind keine Pr\u00fcfdokumente verf\u00fcgbar.","value":"ohne","price":"","selected":true}],"relations":false,"form_id":1450,"form_rules":{"pric_cal_option_once":false,"exclude_from_discount":false,"pric_use_as_fee":false,"fee_label":"Geb\u00fchr","render_after_acb":false,"disp_hide_options_price":false}},{"type":"checkbox-group","elementId":"wcpa-checkbox-group-5db9f4df8d76f","label":"Zus\u00e4tzliche Optionen","inline":true,"enablePrice":true,"priceOptions":"different_for_all","pricingType":"fixed","name":"checkbox-group-5db9f4df8d7c6","max_options":"1","cl_rule":"show","col":6,"values":[{"label":"Lebensmittelechtheit (Verwendung von Weichlot gem\u00e4\u00df DIN EN 29453)","value":"lebensmittelechtheit","price":"4,5"},{"label":"Lebensmittelechtheit + Temperaturbest\u00e4ndigkeit bis 200\u00b0C","value":"temperaturbestaendigkeit","price":"12"}],"relations":false,"form_id":1450,"form_rules":{"pric_cal_option_once":false,"exclude_from_discount":false,"pric_use_as_fee":false,"fee_label":"Geb\u00fchr","render_after_acb":false,"disp_hide_options_price":false}},{"type":"checkbox-group","required":true,"elementId":"wcpa-checkbox-group-1693931620325","label":"Sprache der Lasergravur","desc_type":true,"inline":true,"priceOptions":"different_for_all","pricingType":"fixed","name":"checkbox-group-1693931620325","min_options":"1","max_options":"1","cl_rule":"show","col":6,"values":[{"label":"Deutsch","value":"deutsch","price":"","selected":true}],"relations":[{"operator":false,"rules":[]}],"form_id":1450,"form_rules":{"pric_cal_option_once":false,"exclude_from_discount":false,"pric_use_as_fee":false,"fee_label":"Geb\u00fchr","render_after_acb":false,"disp_hide_options_price":false}},{"type":"paragraph","subtype":"p","label":"<span style=\"color: #800000\"><strong>ACHTUNG:<\/strong><\/span> Dieses Sieb entspricht<strong> nicht<\/strong> der Analysensieb-Norm.","elementId":"wcpa-paragraph-1700232444061","pricingType":"fixed","cl_rule":"show","col":6,"relations":false,"form_id":1450,"form_rules":{"pric_cal_option_once":false,"exclude_from_discount":false,"pric_use_as_fee":false,"fee_label":"Geb\u00fchr","render_after_acb":false,"disp_hide_options_price":false}}]},"_links":{"self":[{"href":"https:\/\/analysensiebe.de\/shop\/wp-json\/wp\/v2\/product\/1460","targetHints":{"allow":["GET"]}}],"collection":[{"href":"https:\/\/analysensiebe.de\/shop\/wp-json\/wp\/v2\/product"}],"about":[{"href":"https:\/\/analysensiebe.de\/shop\/wp-json\/wp\/v2\/types\/product"}],"wp:featuredmedia":[{"embeddable":true,"href":"https:\/\/analysensiebe.de\/shop\/wp-json\/wp\/v2\/media\/1458"}],"wp:attachment":[{"href":"https:\/\/analysensiebe.de\/shop\/wp-json\/wp\/v2\/media?parent=1460"}],"wp:term":[{"taxonomy":"product_brand","embeddable":true,"href":"https:\/\/analysensiebe.de\/shop\/wp-json\/wp\/v2\/product_brand?post=1460"},{"taxonomy":"product_cat","embeddable":true,"href":"https:\/\/analysensiebe.de\/shop\/wp-json\/wp\/v2\/product_cat?post=1460"},{"taxonomy":"product_tag","embeddable":true,"href":"https:\/\/analysensiebe.de\/shop\/wp-json\/wp\/v2\/product_tag?post=1460"}],"curies":[{"name":"wp","href":"https:\/\/api.w.org\/{rel}","templated":true}]}}