{"id":949,"date":"2019-04-25T14:01:13","date_gmt":"2019-04-25T14:01:13","guid":{"rendered":"http:\/\/analysensiebe.de\/bml\/?page_id=949"},"modified":"2023-08-13T18:00:26","modified_gmt":"2023-08-13T18:00:26","slug":"analysensiebe-fur-die-referenzprufung-von-gips-mortel","status":"publish","type":"page","link":"https:\/\/analysensiebe.de\/bml\/analysensiebe-fur-die-referenzprufung-von-gips-mortel\/","title":{"rendered":"Analysensiebe f\u00fcr die Referenzpr\u00fcfung von Gips &#038; M\u00f6rtel"},"content":{"rendered":"<div id=\"pl-949\"  class=\"panel-layout\" ><div id=\"pg-949-0\"  class=\"panel-grid panel-no-style\" ><div id=\"pgc-949-0-0\"  class=\"panel-grid-cell\" ><div id=\"panel-949-0-0-0\" class=\"widget_text so-panel widget widget_custom_html panel-first-child\" data-index=\"0\" ><div class=\"textwidget custom-html-widget\"><a href=\"https:\/\/analysensiebe.de\/bml\/wp-content\/uploads\/sites\/10\/2022\/09\/ISO_3310_1_Vertical-scaled.jpg\"><img loading=\"lazy\" decoding=\"async\" class=\" wp-image-1973 alignright\" src=\"https:\/\/analysensiebe.de\/bml\/wp-content\/uploads\/sites\/10\/2022\/09\/ISO_3310_1_Vertical-755x1024.jpg\" alt=\"\" width=\"374\" height=\"507\" srcset=\"https:\/\/analysensiebe.de\/bml\/wp-content\/uploads\/sites\/10\/2022\/09\/ISO_3310_1_Vertical-755x1024.jpg 755w, https:\/\/analysensiebe.de\/bml\/wp-content\/uploads\/sites\/10\/2022\/09\/ISO_3310_1_Vertical-221x300.jpg 221w, https:\/\/analysensiebe.de\/bml\/wp-content\/uploads\/sites\/10\/2022\/09\/ISO_3310_1_Vertical-768x1042.jpg 768w, https:\/\/analysensiebe.de\/bml\/wp-content\/uploads\/sites\/10\/2022\/09\/ISO_3310_1_Vertical-1132x1536.jpg 1132w, https:\/\/analysensiebe.de\/bml\/wp-content\/uploads\/sites\/10\/2022\/09\/ISO_3310_1_Vertical-1510x2048.jpg 1510w, https:\/\/analysensiebe.de\/bml\/wp-content\/uploads\/sites\/10\/2022\/09\/ISO_3310_1_Vertical-scaled.jpg 1887w\" sizes=\"auto, (max-width: 374px) 100vw, 374px\" \/><\/a>F\u00fcr alle Hersteller verbindliche Referenzpr\u00fcfverfahren f\u00fcr Gipsbinder und Gips-Trockenm\u00f6rtel sind \u00fcber die <strong>DIN EN 13279-2<\/strong> festgelegt und verlangen unter Punkt 4.1 nach einer Siebanalyse zur Bestimmung der Kornfeinheit, welche f\u00fcr die Typeneinteilung und Qualit\u00e4tseinstufung von ma\u00dfgebender Bedeutung ist.\n<br>\n\nDas verbindliche Siebpr\u00fcfverfahren nach DIN EN 13279 verlangt nach folgenden Analysensieben nach ISO 565:<br>\n<ul>\n \t<li>5.000 \u00b5m (5,0 mm) f\u00fcr Gips-Mauerm\u00f6rtel (C2) [Gips-Trockenm\u00f6rtel f\u00fcr besondere Zwecke nach DIN EN 13279]<\/li>\n \t<li>200 \u00b5m und 100 \u00b5m f\u00fcr faserverst\u00e4rkte Gipselemente (C1: Formteile aus faserverst\u00e4rktem Gips; C7: Gips-Fl\u00e4chenspachtel)<\/li>\n \t<li>1.500 \u00b5m (1,5 mm) f\u00fcr faserverst\u00e4rkten Gips und D\u00fcnnlagenputze [C1: Formteile aus faserverst\u00e4rktem Gips; C6: D\u00fcnnlagenputz)<\/li>\n<\/ul><br>\nDie Typen- und Qualit\u00e4tseinstufung von F\u00fcll-, Fein- und Fugenspachtel ist nach <strong>DIN EN 13963<\/strong> geregelt (Materialien f\u00fcr das Verspachteln von Gipsplattenfugen - Begriffe, Anforderungen und Pr\u00fcfverfahren). Diese Norm unterscheidet vier Typen der Fugenspachtelmaterialien, wobei eine Pr\u00fcfung der Kornfeinheit bei den Typen 2B, 3B und 4B vorzunehmen ist:\n\n\nF\u00fcr die Einstufung in diese Kategorien darf:<br>\n<ul>\n \t<li>Auf einem 315 \u00b5m Sieb kein R\u00fcckstand vorhanden sein (100% Durchgang)<\/li>\n \t<li>Auf einem 200 \u00b5m Sieb der R\u00fcckstand h\u00f6chstens 1% des gesiebten Materials betragen<\/li>\n<\/ul><br>\n<a href=\"https:\/\/analysensiebe.de\/bml\/wp-content\/uploads\/sites\/10\/2022\/09\/IMG_4054-scaled.jpg\"><img loading=\"lazy\" decoding=\"async\" class=\" wp-image-2059 alignleft\" src=\"https:\/\/analysensiebe.de\/bml\/wp-content\/uploads\/sites\/10\/2022\/09\/IMG_4054-1024x683.jpg\" alt=\"\" width=\"395\" height=\"263\" srcset=\"https:\/\/analysensiebe.de\/bml\/wp-content\/uploads\/sites\/10\/2022\/09\/IMG_4054-1024x683.jpg 1024w, https:\/\/analysensiebe.de\/bml\/wp-content\/uploads\/sites\/10\/2022\/09\/IMG_4054-300x200.jpg 300w, https:\/\/analysensiebe.de\/bml\/wp-content\/uploads\/sites\/10\/2022\/09\/IMG_4054-768x512.jpg 768w, https:\/\/analysensiebe.de\/bml\/wp-content\/uploads\/sites\/10\/2022\/09\/IMG_4054-1536x1024.jpg 1536w, https:\/\/analysensiebe.de\/bml\/wp-content\/uploads\/sites\/10\/2022\/09\/IMG_4054-2048x1365.jpg 2048w, https:\/\/analysensiebe.de\/bml\/wp-content\/uploads\/sites\/10\/2022\/09\/IMG_4054-272x182.jpg 272w\" sizes=\"auto, (max-width: 395px) 100vw, 395px\" \/><\/a>Anforderungen an Gipskleber f\u00fcr Gips-Wandbauplatten werden in der <strong>DIN EN 12860<\/strong> festgelegt und verlangen ebenfalls nach einer Siebanalyse f\u00fcr die Bestimmung der maximalen Korngr\u00f6\u00dfe. (DIN EN 12860: Gipskleber f\u00fcr Gips-Wandbauplatten - Begriffe, Anforderungen, Pr\u00fcfverfahren; Deutsche Fassung EN 12860:2001 + AC:2002).\n\n\nF\u00fcr die Einstufung nach dieser Norm darf:<br>\n<ul>\n \t<li>Auf einem 400 \u00b5m Sieb kein R\u00fcckstand vorhanden sein (100% Durchgang)<\/li>\n \t<li>Auf einem 200 \u00b5m Sieb der R\u00fcckstand h\u00f6chstens 10% des gesiebten Materials betragen<\/li>\n<\/ul><br>\nBlau-Metall stellt geeignete Analysensiebe zur Bestimmung der maximalen Korngr\u00f6\u00dfe von Gips und M\u00f6rtelprodukten her und unsere l\u00fcckenlose optische Pr\u00fcfung garantiert eine hohe statistische Sicherheit f\u00fcr Ihre Produkt\u00fcberwachung.<br><br><\/div><\/div><div id=\"panel-949-0-0-1\" class=\"widget_text so-panel widget widget_custom_html\" data-index=\"1\" ><div class=\"textwidget custom-html-widget\"><h4 style=\"text-align: center;\">Analysensiebe f\u00fcr Gips (DIN EN 13279-2, DIN EN 13963, DIN EN 12860)<\/h4><br>\n<p style=\"text-align: center;\"><strong>Durchmesser: 200 mm, Ausf\u00fchrung: Edelstahl, Lieferzeit: ca. 10 Tage nach Auftragseingang<\/strong><\/p><\/div><\/div><div id=\"panel-949-0-0-2\" class=\"widget_text so-panel widget widget_custom_html panel-last-child\" data-index=\"2\" ><div class=\"textwidget custom-html-widget\"><html>\n<style>\n* {\n  -webkit-box-sizing: border-box;\n  -moz-box-sizing: border-box;\n  box-sizing: border-box;\n}\n*:before, *:after {\n  -webkit-box-sizing: border-box;\n  -moz-box-sizing: border-box;\n  box-sizing: border-box;\n}\n\nbody {\n  font-family: \"Helvetica Neue\", \"Helvetica\", \"Roboto\", \"Arial\", sans-serif;\n  color: #5e5d52;\n}\n\na {\n  color: #337aa8;\n}\na:hover, a:focus {\n  color: #4b8ab2;\n}\n\n.container {\n  margin: 0% 0%;\n}\n@media (min-width: 33em) {\n  .container {\n    margin: 0%;\n  }\n}\n@media (min-width: 75em) {\n  .container {\n    margin: 2em auto;\n    max-width: 75em;\n  }\n}\n\n.responsive-table {\n  width: 100%;\n  margin-bottom: 1.5em;\n}\n@media (min-width: 33em) {\n  .responsive-table {\n    font-size: .85em;\n  }\n}\n@media (min-width: 62em) {\n  .responsive-table {\n    font-size: 1em;\n  }\n}\n.responsive-table thead {\n  position: absolute;\n  clip: rect(1px 1px 1px 1px);\n  \/* IE6, IE7 *\/\n  clip: rect(1px, 1px, 1px, 1px);\n  padding: 0;\n  border: 0;\n  height: 1px;\n  width: 1px;\n  overflow: hidden;\n}\n@media (min-width: 33em) {\n  .responsive-table thead {\n    position: relative;\n    clip: auto;\n    height: auto;\n    width: auto;\n    overflow: auto;\n  }\n}\n.responsive-table thead th {\n  background-color: #1d96b2;\n  border: 1px solid #1d96b2;\n  font-weight: bold;\n  text-align: center;\n  color: white;\n}\n.responsive-table thead th:first-of-type {\n  text-align: left;\n}\n.responsive-table tbody,\n.responsive-table tr,\n.responsive-table th,\n.responsive-table td {\n  display: block;\n  padding: 0;\ntext-align: left;\n  white-space: normal;\n}\n@media (min-width: 33em) {\n  .responsive-table tr {\n    display: table-row;\n  }\n}\n.responsive-table th,\n.responsive-table td {\n  padding: .5em;\n  vertical-align: middle;\n}\n@media (min-width: 32.5em) {\n  .responsive-table th,\n  .responsive-table td {\n    padding: .75em .5em;\n  }\n}\n@media (min-width: 33em) {\n  .responsive-table th,\n  .responsive-table td {\n    display: table-cell;\n    padding: .5em;\n  }\n}\n@media (min-width: 62em) {\n  .responsive-table th,\n  .responsive-table td {\n    padding: .65em .5em;\n  }\n}\n@media (min-width: 75em) {\n  .responsive-table th,\n  .responsive-table td {\n    padding: .65em;\n  }\n}\n.responsive-table caption {\n  margin-bottom: 1em;\n  font-size: 1em;\n  font-weight: bold;\n  text-align: center;\n}\n@media (min-width: 33em) {\n  .responsive-table caption {\n    font-size: 1.5em;\n  }\n}\n.responsive-table tfoot {\n  font-size: .8em;\n  font-style: italic;\n}\n@media (min-width: 62em) {\n  .responsive-table tfoot {\n    font-size: .9em;\n  }\n}\n@media (min-width: 33em) {\n  .responsive-table tbody {\n    display: table-row-group;\n  }\n}\n.responsive-table tbody tr {\n  margin-bottom: 1em;\n  border: 2px solid #1d96b2;\n}\n@media (min-width: 33em) {\n  .responsive-table tbody tr {\n    display: table-row;\n    border-width: 1px;\n  }\n}\n.responsive-table tbody tr:last-of-type {\n  margin-bottom: 0;\n}\n@media (min-width: 33em) {\n  .responsive-table tbody tr:nth-of-type(even) {\n    background-color: rgba(94, 93, 82, 0.1);\n  }\n}\n.responsive-table tbody th[scope=\"row\"] {\n  background-color: #1d96b2;\n  color: white;\n}\n@media (min-width: 33em) {\n  .responsive-table tbody th[scope=\"row\"] {\n    background-color: transparent;\n    color: #5e5d52;\n    text-align: left;\n  }\n}\n.responsive-table tbody td {\n  text-align: right;\n}\n@media (min-width: 32.5em) {\n  .responsive-table tbody td {\n    border-bottom: 1px solid #1d96b2;\n  }\n}\n@media (min-width: 33em) {\n  .responsive-table tbody td {\n    text-align: left;\n  }\n}\n.responsive-table tbody td[data-type=currency] {\n  text-align: right;\n}\n.responsive-table tbody td[data-title]:before {\n  content: attr(data-title);\n  float: left;\n  font-size: .85em;\n  color: rgba(94, 93, 82, 0.75);\n}\n@media (min-width: 32.5em) {\n  .responsive-table tbody td[data-title]:before {\n    font-size: .9em;\n  }\n}\n@media (min-width: 33em) {\n  .responsive-table tbody td[data-title]:before {\n    content: none;\n  }\n}\n<\/style>\n<body>\n    <div class=\"container\">\n  <table class=\"responsive-table\">\n<thead>\n            <tr>\n        <th scope=\"col\">Artikel<\/th>\n        <th scope=\"col\">Norm<\/th>\n        <th scope=\"col\">Verf\u00fcgbare Durchmesser<\/th>\n      <\/tr>\n    <\/thead>\n        <tbody>\n<tr>\n<td data-title=\"Artikel\">Analysensieb Drahtgewebe 100 \u00b5m<\/td>\n<td data-title=\"Norm\">DIN ISO 3310-1<\/td>\n<td data-title=\"Verf\u00fcgbare Durchmesser\">200, 400 mm<\/td>\n<\/tr><tr>\n<td data-title=\"Artikel\">Analysensieb Drahtgewebe 200 \u00b5m<\/td>\n<td data-title=\"Norm\">DIN ISO 3310-1<\/td>\n<td data-title=\"Verf\u00fcgbare Durchmesser\">200, 400 mm<\/td>\n<\/tr><tr>\n<td data-title=\"Artikel\">Analysensieb Drahtgewebe 315 \u00b5m <\/td>\n<td data-title=\"Norm\">DIN ISO 3310-1<\/td>\n<td data-title=\"Verf\u00fcgbare Durchmesser\">200, 400 mm<\/td>\n<\/tr><tr>\n<td data-title=\"Artikel\">Analysensieb Drahtgewebe 400 \u00b5m<\/td>\n<td data-title=\"Norm\">DIN ISO 3310-1<\/td>\n<td data-title=\"Verf\u00fcgbare Durchmesser\">200, 400 mm<\/td>\n<\/tr>\n<tr>\n<td data-title=\"Artikel\">Analysensieb Drahtgewebe 1,6 mm<\/td>\n<td data-title=\"Norm\">DIN ISO 3310-1<\/td>\n<td data-title=\"Verf\u00fcgbare Durchmesser\">200, 400 mm<\/td>\n<\/tr><tr>\n<td data-title=\"Artikel\">Analysensieb Quadratloch 5,0 mm<\/td>\n<td data-title=\"Norm\">DIN ISO 3310-2<\/td>\n<td data-title=\"Verf\u00fcgbare Durchmesser\">200, 400 mm<\/td>\n<\/tr>\n    <\/tbody>\n  <\/table>\n<\/div>\n<\/body>\n<\/html>\n<\/div><\/div><\/div><\/div><\/div>","protected":false},"excerpt":{"rendered":"<p>F\u00fcr alle Hersteller verbindliche Referenzpr\u00fcfverfahren f\u00fcr Gipsbinder und Gips-Trockenm\u00f6rtel sind \u00fcber die DIN EN 13279-2 festgelegt und verlangen unter Punkt [&hellip;]<\/p>\n","protected":false},"author":1,"featured_media":1421,"parent":0,"menu_order":0,"comment_status":"closed","ping_status":"closed","template":"","meta":{"footnotes":""},"class_list":["post-949","page","type-page","status-publish","has-post-thumbnail","hentry","post-thumbnail-displayed"],"aioseo_notices":[],"_links":{"self":[{"href":"https:\/\/analysensiebe.de\/bml\/wp-json\/wp\/v2\/pages\/949","targetHints":{"allow":["GET"]}}],"collection":[{"href":"https:\/\/analysensiebe.de\/bml\/wp-json\/wp\/v2\/pages"}],"about":[{"href":"https:\/\/analysensiebe.de\/bml\/wp-json\/wp\/v2\/types\/page"}],"author":[{"embeddable":true,"href":"https:\/\/analysensiebe.de\/bml\/wp-json\/wp\/v2\/users\/1"}],"replies":[{"embeddable":true,"href":"https:\/\/analysensiebe.de\/bml\/wp-json\/wp\/v2\/comments?post=949"}],"version-history":[{"count":31,"href":"https:\/\/analysensiebe.de\/bml\/wp-json\/wp\/v2\/pages\/949\/revisions"}],"predecessor-version":[{"id":2299,"href":"https:\/\/analysensiebe.de\/bml\/wp-json\/wp\/v2\/pages\/949\/revisions\/2299"}],"wp:featuredmedia":[{"embeddable":true,"href":"https:\/\/analysensiebe.de\/bml\/wp-json\/wp\/v2\/media\/1421"}],"wp:attachment":[{"href":"https:\/\/analysensiebe.de\/bml\/wp-json\/wp\/v2\/media?parent=949"}],"curies":[{"name":"wp","href":"https:\/\/api.w.org\/{rel}","templated":true}]}}