{"id":794,"date":"2019-03-27T14:19:30","date_gmt":"2019-03-27T14:19:30","guid":{"rendered":"http:\/\/analysensiebe.de\/bml\/?page_id=794"},"modified":"2022-09-13T17:32:17","modified_gmt":"2022-09-13T17:32:17","slug":"erlauterungen-zu-abnahmeprufzeugnis-3-1-din-iso-3310-1","status":"publish","type":"page","link":"https:\/\/analysensiebe.de\/bml\/erlauterungen-zu-abnahmeprufzeugnis-3-1-din-iso-3310-1\/","title":{"rendered":"Erl\u00e4uterungen zu Abnahmepr\u00fcfzeugnis 3.1 DIN ISO 3310-1"},"content":{"rendered":"<div id=\"pl-794\"  class=\"panel-layout\" ><div id=\"pg-794-0\"  class=\"panel-grid panel-no-style\" ><div id=\"pgc-794-0-0\"  class=\"panel-grid-cell\" ><div id=\"panel-794-0-0-0\" class=\"widget_text so-panel widget widget_custom_html panel-first-child\" data-index=\"0\" ><div class=\"widget_text wow fadeIn panel-widget-style panel-widget-style-for-794-0-0-0\" data-wow-duration=\"1s\" data-wow-iteration=\"1\" ><div class=\"textwidget custom-html-widget\"><div class=\"ead-preview\"><div class=\"ead-document\" style=\"position: relative;\"><div class=\"ead-iframe-wrapper\"><iframe src=\"\/\/docs.google.com\/viewer?url=https%3A%2F%2Fanalysensiebe.de%2Fbml%2Fwp-content%2Fuploads%2Fsites%2F10%2F2019%2F03%2FAbnahmepr%C3%BCfzeugnis-3.1-DIN-ISO-3310-1-Beispiel-2019.pdf&embedded=true&hl=en\" title=\"Eingebettetes Dokument\" class=\"ead-iframe\" style=\"width: 100%;height: 50%;border: none;min-height: 500px;visibility: hidden;\"><\/iframe><\/div>\t\t\t<div class=\"ead-document-loading\" style=\"width:100%;height:100%;position:absolute;left:0;top:0;z-index:10;\">\n\t\t\t\t<div class=\"ead-loading-wrap\">\n\t\t\t\t\t<div class=\"ead-loading-main\">\n\t\t\t\t\t\t<div class=\"ead-loading\">\n\t\t\t\t\t\t\t<img loading=\"lazy\" decoding=\"async\" src=\"https:\/\/analysensiebe.de\/bml\/wp-content\/plugins\/embed-any-document\/images\/loading.svg\" width=\"55\" height=\"55\" alt=\"Loader\">\n\t\t\t\t\t\t\t<span>Wird geladen\u00a0\u2026<\/span>\n\t\t\t\t\t\t<\/div>\n\t\t\t\t\t<\/div>\n\t\t\t\t\t<div class=\"ead-loading-foot\">\n\t\t\t\t\t\t<div class=\"ead-loading-foot-title\">\n\t\t\t\t\t\t\t<img loading=\"lazy\" decoding=\"async\" src=\"https:\/\/analysensiebe.de\/bml\/wp-content\/plugins\/embed-any-document\/images\/EAD-logo.svg\" alt=\"EAD-Logo\" width=\"36\" height=\"23\"\/>\n\t\t\t\t\t\t\t<span>Es dauert zu lange?<\/span>\n\t\t\t\t\t\t<\/div>\n\t\t\t\t\t\t<p>\n\t\t\t\t\t\t\t<div class=\"ead-document-btn ead-reload-btn\" role=\"button\">\n\t\t\t\t\t\t\t\t<img loading=\"lazy\" decoding=\"async\" src=\"https:\/\/analysensiebe.de\/bml\/wp-content\/plugins\/embed-any-document\/images\/reload.svg\" alt=\"Neu laden\" width=\"12\" height=\"12\"\/> Dokument neu laden\t\t\t\t\t\t\t<\/div>\n\t\t\t\t\t\t\t<span>|<\/span>\n\t\t\t\t\t\t\t<a href=\"https:\/\/analysensiebe.de\/bml\/wp-content\/uploads\/sites\/10\/2019\/03\/Abnahmepr\u00fcfzeugnis-3.1-DIN-ISO-3310-1-Beispiel-2019.pdf\" class=\"ead-document-btn\" target=\"_blank\">\n\t\t\t\t\t\t\t\t<img loading=\"lazy\" decoding=\"async\" src=\"https:\/\/analysensiebe.de\/bml\/wp-content\/plugins\/embed-any-document\/images\/open.svg\" alt=\"\u00d6ffnen\" width=\"12\" height=\"12\"\/> In einem neuen Tab \u00f6ffnen\t\t\t\t\t\t\t<\/a>\n\t\t\t\t\t<\/div>\n\t\t\t\t<\/div>\n\t\t\t<\/div>\n\t\t<\/div><\/div><\/div><\/div><\/div><div id=\"panel-794-0-0-1\" class=\"widget_text so-panel widget widget_custom_html panel-last-child\" data-index=\"1\" ><div class=\"widget_text wow fadeIn panel-widget-style panel-widget-style-for-794-0-0-1\" data-wow-delay=\"1s\" data-wow-iteration=\"1\" ><div class=\"textwidget custom-html-widget\"><br>\n<img loading=\"lazy\" decoding=\"async\" class=\"alignright wp-image-833\" src=\"https:\/\/analysensiebe.de\/bml\/wp-content\/uploads\/sites\/10\/2019\/03\/50-n01-1-1024x1024.jpg\" alt=\"\" width=\"250\" height=\"250\" srcset=\"https:\/\/analysensiebe.de\/bml\/wp-content\/uploads\/sites\/10\/2019\/03\/50-n01-1-1024x1024.jpg 1024w, https:\/\/analysensiebe.de\/bml\/wp-content\/uploads\/sites\/10\/2019\/03\/50-n01-1-150x150.jpg 150w, https:\/\/analysensiebe.de\/bml\/wp-content\/uploads\/sites\/10\/2019\/03\/50-n01-1-300x300.jpg 300w, https:\/\/analysensiebe.de\/bml\/wp-content\/uploads\/sites\/10\/2019\/03\/50-n01-1-768x768.jpg 768w, https:\/\/analysensiebe.de\/bml\/wp-content\/uploads\/sites\/10\/2019\/03\/50-n01-1-500x500.jpg 500w\" sizes=\"auto, (max-width: 250px) 100vw, 250px\" \/>Das Abnahmepr\u00fcfzeugnis 3.1 f\u00fcr Drahtgewebesiebe nach DIN ISO 3310 wird von uns zweiseitig ausgefertigt: auf Seite 1 findet sich das eigentliche Zeugnis mit den laut Norm zu ermittelnden Kenngr\u00f6\u00dfen, Seite 2 beinhaltet das eigentliche Messprotokoll mit allen ermittelten Messwerten um eine vollst\u00e4ndige Transparenz der auf Seite 1 ermittelten Werte zu garantieren. Alle Kenngr\u00f6\u00dfen werden nach den Methoden, beschrieben in DIN ISO 3310-1, ermittelt. Weitere Seiten mit Screenshots der optischen Vermessung k\u00f6nnen dem Zeugnis auf Kundenwunsch angeh\u00e4ngt werden.\n<br><br>\n<strong>Festlegung Kett- und Schussrichtung:<\/strong> Im fertigen Analysensieb k\u00f6nnen Kett- und Schussrichtung der urspr\u00fcnglichen Gewebeherstellung nicht mehr nachvollzogen werden. Als Vereinheitlichung f\u00fcr unsere Messungen von Analysensieben legen wir ausgehend von der Position des am Sieb angebrachten Typenschildes fest, dass Maschen verlaufend in Y-Richtung der Kettrichtung und Maschen entlang der X-Achse (Horizontal) der Schussrichtung entsprechen.\n<br><br>\n<h4>Begriffs- und Abk\u00fcrzungserkl\u00e4rungen:<\/h4>\n\u00a0\n<p style=\"padding-left: 40px;\"><span style=\"color: #800000;\"><strong>\u00b1Y:<\/strong> <\/span>Fehlergrenze f\u00fcr den Mittelwert der Maschenweite(vgl. Tabelle 1, DIN ISO 3310-1)<\/p>\n<p style=\"padding-left: 40px;\"><span style=\"color: #800000;\"><strong>+X:<\/strong><\/span> Maximale Fehlergrenze f\u00fcr den Einzelwert der Maschenweite (vgl. Tabelle 1, DIN ISO 3310-1)<\/p>\n<p style=\"padding-left: 40px;\"><span style=\"color: #800000;\"><strong>\u03c3<sub>0<\/sub>:<\/strong> <\/span>Maximale Standardabweichung (vgl. Tabelle 1, DIN ISO 3310-1)<\/p>\n\u00a0\n<p style=\"padding-left: 40px;\"><strong>Mittelwert w\u0305:<\/strong> Arithmetisches Mittel der gemessenen Maschenweiten in Kett- und Schussrichtung<\/p>\n<p style=\"padding-left: 40px;\"><strong>Abweichung |\u00b1Y|:<\/strong> Abweichung der gemessenen Mittelwerte w\u0305 von der in der Norm vorgegebenen Nennmaschenweite (dieser Wert <em>muss kleiner\/gleich \u2264 (\u00b1Y) sein<\/em> um DIN-konform zu sein)<\/p>\n<p style=\"padding-left: 40px;\"><strong>Max w:<\/strong> Die maximale gemessene Maschenweite in Kett- und Schussrichtung (Dieser Wert <em>muss kleiner sein als w+X<\/em> (Nennmaschenweite + Einzelwert) um DIN-konform zu sein)<\/p>\n<p style=\"padding-left: 40px;\"><strong>Standardabweichung \u03c3<sub>s<\/sub>:<\/strong> Die aus den Messwerten ermittelte Standardabweichung, gem\u00e4\u00df Gleichungen 4 und 5 in DIN ISO 3310-1 (\u03c3<sub>s<\/sub> <em>muss kleiner\/gleich \u2264 \u03c3<sub>0 <\/sub>sein<\/em> um DIN-konform zu sein)<\/p>\n<p style=\"padding-left: 40px;\"><strong>K-Faktor:<\/strong> Der K-Faktor f\u00fcr die zugrunde liegende Standardabweichung. Berechnet entsprechend Gleichung 6 DIN ISO 3310-1 f\u00fcr Zertifizierung und Gleichung 7 DIN ISO 3310-1 f\u00fcr Kalibrierung.<\/p>\n<p style=\"padding-left: 40px;\"><strong>Mittelwert d\u0305:<\/strong> Arithmetisches Mittel aus den gemessenen Drahtdurchmessern in Kett- bzw- Schussrichtung (<em>muss innerhalb des zul\u00e4ssigen Auswahlbereiches<\/em> f\u00fcr den Drahtdurchmesser liegen um DIN-konform zu sein, vgl. Tabelle 1 DIN ISO 3310)<\/p>\n<p style=\"padding-left: 40px;\"><strong>Abweichung \u0394d\u0305:<\/strong> Abweichung des Mittelwertes d\u0305 vom angegebenen Nenndrahtdurchmesser des Siebes.<\/p>\n\u00a0\n<p style=\"padding-left: 40px;\"><strong>n<sub>i<\/sub> <(w-Y):<\/strong> Anzahl der Maschen, die kleiner sind als w-Y, tendenziell eher zu eng sind (Nennmaschenweite - Fehlergrenze f\u00fcr den Mittelwert)<\/p>\n<p style=\"padding-left: 40px;\"><strong>(w-Y)<n<sub>i<\/sub><(w+Y):<\/strong> Anzahl der Maschenweiten, die zwischen w-Y und w+Y liegen, dies sollte die gr\u00f6\u00dfte Fraktion in einem DIN-konformen Sieb sein<\/p>\n<p style=\"padding-left: 40px;\"><strong>(w+Y)< n<sub>i<\/sub><(w+X):<\/strong> Anzahl der Maschenweiten, die gr\u00f6\u00dfer als w+Y, aber kleiner als w+X sind, tendenziell eher zu weit liegen<\/p>\n<p style=\"padding-left: 40px;\"><strong>n<sub>i<\/sub>>(w+X):<\/strong> Anzahl der Maschenweiten, die den Maximalwert f\u00fcr den Einzelwert \u00fcberschreiten (<em>ist die Anzahl gr\u00f6\u00dfer 0, so ist das Sieb zu verwerfen<\/em>)<\/p>\n<h4>Erl\u00e4uterung zu Abbildung 3:<\/h4>\n<p style=\"padding-left: 40px;\">Balken 1 und 4 geben w-Y und w+Y wider; Balken 2 und 3 enthalten die Messergebnisse f\u00fcr die tats\u00e4chlichen mittleren Maschenweiten in Kett- und Schussrichtung, das hei\u00dft, Balken 2 und 3 m\u00fcssen zwischen Balken 1 und 4 liegen.<\/p>\n<p style=\"padding-left: 40px;\">Balken 7 spiegelt w+X wider; Balken 5 und 6 zeigen die maximal gemessenen Maschenweiten in Kett- und Schussrichtung, das hei\u00dft, Balken 5 und 6 d\u00fcrfen Balken 7 nicht \u00fcberschreiten.<\/p>\n<br><br><\/div><\/div><\/div><\/div><\/div><\/div>","protected":false},"excerpt":{"rendered":"<p>Wird geladen\u00a0\u2026 Es dauert zu lange? Dokument neu laden | In einem neuen Tab \u00f6ffnen Das Abnahmepr\u00fcfzeugnis 3.1 f\u00fcr Drahtgewebesiebe [&hellip;]<\/p>\n","protected":false},"author":1,"featured_media":1434,"parent":0,"menu_order":0,"comment_status":"closed","ping_status":"closed","template":"","meta":{"footnotes":""},"class_list":["post-794","page","type-page","status-publish","has-post-thumbnail","hentry","post-thumbnail-displayed"],"aioseo_notices":[],"_links":{"self":[{"href":"https:\/\/analysensiebe.de\/bml\/wp-json\/wp\/v2\/pages\/794","targetHints":{"allow":["GET"]}}],"collection":[{"href":"https:\/\/analysensiebe.de\/bml\/wp-json\/wp\/v2\/pages"}],"about":[{"href":"https:\/\/analysensiebe.de\/bml\/wp-json\/wp\/v2\/types\/page"}],"author":[{"embeddable":true,"href":"https:\/\/analysensiebe.de\/bml\/wp-json\/wp\/v2\/users\/1"}],"replies":[{"embeddable":true,"href":"https:\/\/analysensiebe.de\/bml\/wp-json\/wp\/v2\/comments?post=794"}],"version-history":[{"count":17,"href":"https:\/\/analysensiebe.de\/bml\/wp-json\/wp\/v2\/pages\/794\/revisions"}],"predecessor-version":[{"id":2026,"href":"https:\/\/analysensiebe.de\/bml\/wp-json\/wp\/v2\/pages\/794\/revisions\/2026"}],"wp:featuredmedia":[{"embeddable":true,"href":"https:\/\/analysensiebe.de\/bml\/wp-json\/wp\/v2\/media\/1434"}],"wp:attachment":[{"href":"https:\/\/analysensiebe.de\/bml\/wp-json\/wp\/v2\/media?parent=794"}],"curies":[{"name":"wp","href":"https:\/\/api.w.org\/{rel}","templated":true}]}}