{"id":310,"date":"2018-02-11T20:02:27","date_gmt":"2018-02-11T20:02:27","guid":{"rendered":"http:\/\/analysensiebe.de\/bml\/?page_id=310"},"modified":"2025-01-29T14:15:01","modified_gmt":"2025-01-29T14:15:01","slug":"re-zertifizierung","status":"publish","type":"page","link":"https:\/\/analysensiebe.de\/bml\/re-zertifizierung\/","title":{"rendered":"Re-Zertifizierung von Analysensieben"},"content":{"rendered":"<div id=\"pl-310\"  class=\"panel-layout\" ><div id=\"pg-310-0\"  class=\"panel-grid panel-no-style\" ><div id=\"pgc-310-0-0\"  class=\"panel-grid-cell\" ><div id=\"panel-310-0-0-0\" class=\"so-panel widget widget_sow-image panel-first-child\" data-index=\"0\" ><div\n\t\t\t\n\t\t\tclass=\"so-widget-sow-image so-widget-sow-image-default-8b5b6f678277-310\"\n\t\t\t\n\t\t>\n<div class=\"sow-image-container\">\n\t\t<img \n\tsrc=\"https:\/\/analysensiebe.de\/bml\/wp-content\/uploads\/sites\/10\/2022\/09\/Zeugnisse_Image_reduce.jpg\" width=\"1920\" height=\"430\" srcset=\"https:\/\/analysensiebe.de\/bml\/wp-content\/uploads\/sites\/10\/2022\/09\/Zeugnisse_Image_reduce.jpg 1920w, https:\/\/analysensiebe.de\/bml\/wp-content\/uploads\/sites\/10\/2022\/09\/Zeugnisse_Image_reduce-300x67.jpg 300w, https:\/\/analysensiebe.de\/bml\/wp-content\/uploads\/sites\/10\/2022\/09\/Zeugnisse_Image_reduce-1024x229.jpg 1024w, https:\/\/analysensiebe.de\/bml\/wp-content\/uploads\/sites\/10\/2022\/09\/Zeugnisse_Image_reduce-768x172.jpg 768w, https:\/\/analysensiebe.de\/bml\/wp-content\/uploads\/sites\/10\/2022\/09\/Zeugnisse_Image_reduce-1536x344.jpg 1536w\" sizes=\"(max-width: 1920px) 100vw, 1920px\" alt=\"\" \t\tclass=\"so-widget-image\"\/>\n\t<\/div>\n\n<\/div><\/div><div id=\"panel-310-0-0-1\" class=\"so-panel widget widget_text\" data-index=\"1\" ><div class=\"wow fadeInLeft panel-widget-style panel-widget-style-for-310-0-0-1\" data-wow-duration=\"2s\" data-wow-iteration=\"1\" >\t\t\t<div class=\"textwidget\"><p><span style=\"font-size: 11pt;\"><a href=\"https:\/\/analysensiebe.de\/bml\/wp-content\/uploads\/sites\/10\/2018\/02\/DPP_0033c-1.jpg\"><img loading=\"lazy\" decoding=\"async\" class=\"alignright wp-image-325 \" src=\"https:\/\/analysensiebe.de\/bml\/wp-content\/uploads\/sites\/10\/2018\/02\/DPP_0033c-1-944x1024.jpg\" alt=\"\" width=\"385\" height=\"418\" srcset=\"https:\/\/analysensiebe.de\/bml\/wp-content\/uploads\/sites\/10\/2018\/02\/DPP_0033c-1-944x1024.jpg 944w, https:\/\/analysensiebe.de\/bml\/wp-content\/uploads\/sites\/10\/2018\/02\/DPP_0033c-1-277x300.jpg 277w, https:\/\/analysensiebe.de\/bml\/wp-content\/uploads\/sites\/10\/2018\/02\/DPP_0033c-1-768x833.jpg 768w\" sizes=\"auto, (max-width: 385px) 100vw, 385px\" \/><\/a><span style=\"font-family: helvetica, arial, sans-serif;\">\u2699 Als Serviceleistung bieten wir eine Re-Zertifizierung von Analysensieben durch unser blidgest\u00fctztes Messsystem.<\/span><\/span><\/p>\n<p><span style=\"font-size: 11pt; font-family: helvetica, arial, sans-serif;\">\u2699 Je nach Anforderung wird die Messung nach den Vorgaben der DIN ISO 5223, 3310-1 & 2, oder ASTM E11, E323 durchgef\u00fchrt und das Pr\u00fcfzeugnis entsprechend angepasst<\/span><\/p>\n<p><span style=\"font-size: 11pt; font-family: helvetica, arial, sans-serif;\">\u2699F\u00fcr die Dokumentation im Rahmen der Qualit\u00e4tsicherung wird f\u00fcr jedes Sieb ein Abnahmepr\u00fcfzeugnis 3.1 nach DIN EN 10204 ausgestellt<\/span><\/p>\n<p style=\"padding-left: 30px;\"><span style=\"font-size: 10pt; font-family: helvetica, arial, sans-serif;\">\u2699Die Messung kann als <strong>Zertifizierung<\/strong> durchgef\u00fchrt werden, bei der eine der Norm ensprechende Anzahl von Maschen\/L\u00f6chern gepr\u00fcft wird<\/span><br \/>\n<span style=\"font-size: 10pt; font-family: helvetica, arial, sans-serif;\"> \u2699 Bei der <strong>Kalibrierung<\/strong> werden dreimal mehr Maschen\/L\u00f6cher als in der Norm gefordert vermessen<\/span><\/p>\n<p>\u00a0<\/p>\n<\/div>\n\t\t<\/div><\/div><div id=\"panel-310-0-0-2\" class=\"so-panel widget widget_text\" data-index=\"2\" ><div class=\"wow fadeIn panel-widget-style panel-widget-style-for-310-0-0-2\" data-wow-duration=\"4s\" data-wow-iteration=\"1\" >\t\t\t<div class=\"textwidget\"><p><a href=\"https:\/\/analysensiebe.de\/bml\/wp-content\/uploads\/sites\/10\/2018\/02\/SL28-Zertifizierung-Beispiel2.jpg\"><img loading=\"lazy\" decoding=\"async\" class=\" wp-image-338 alignleft\" src=\"https:\/\/analysensiebe.de\/bml\/wp-content\/uploads\/sites\/10\/2018\/02\/SL28-Zertifizierung-Beispiel2.jpg\" alt=\"\" width=\"400\" height=\"438\" srcset=\"https:\/\/analysensiebe.de\/bml\/wp-content\/uploads\/sites\/10\/2018\/02\/SL28-Zertifizierung-Beispiel2.jpg 701w, https:\/\/analysensiebe.de\/bml\/wp-content\/uploads\/sites\/10\/2018\/02\/SL28-Zertifizierung-Beispiel2-274x300.jpg 274w\" sizes=\"auto, (max-width: 400px) 100vw, 400px\" \/><\/a><span style=\"font-family: helvetica, arial, sans-serif;\">Durch regelm\u00e4\u00dfiges \u00dcberpr\u00fcfen von Analysensieben wird sichergestellt, dass diese auch bei intensiver Nutzung ihre Normvorgaben einhalten um somit Abweichungen bei den Siebergebnissen zu minimieren und reproduzierbare Siebungen erm\u00f6glichen.<\/span><\/p>\n<p><span style=\"font-family: helvetica, arial, sans-serif;\">Werden Analysensiebe als Mess- und Pr\u00fcfmittel verwendet, so ist laut geltenden Vorschriften eine regelm\u00e4\u00dfige \u00dcberwachung vorgeschrieben. Die DIN ISO 3310 definiert Analysensiebe als Messmittel welche bei Verwendung in Deutschland dem Bundesgesetz \u00fcber das Messwesen (<a href=\"https:\/\/www.gesetze-im-internet.de\/messeg\/BJNR272300013.html\">MessG<\/a>) sowie der DIN ISO 9001 gerecht werden m\u00fcssen. Des weiteren gelten beim Einsatz von Analysensieben f\u00fcr spezielle Anwendungen Vorschriften und Richtlinien der entsprechend zust\u00e4ndigen Beh\u00f6rden:<\/span><\/p>\n<p><span style=\"font-family: helvetica, arial, sans-serif;\">Bei Verwendung von Analysensieben als Mess- und Pr\u00fcfmittel unterliegen diese der Pr\u00fcfmittelkontrolle und m\u00fcssen laut MessG regelm\u00e4\u00dfg geeicht werden. Laut <a href=\"https:\/\/www.qz-online.de\/qualitaets-management\/qm-basics\/messen_pruefen\/messtechnik\/artikel\/messmittelmanagement-gemaess-iso-9001-176025.html\">ISO 9001<\/a> ist eine \u00dcberpr\u00fcfung \u201ein festgelegten Abst\u00e4nden oder vor dem Gebrauch\u201c notwending, wobei das Intervall f\u00fcr die \u00dcberpr\u00fcfung im Ermessen des Benutzers liegt und oft als eine Kombination von interner \u00dcberpr\u00fcfung und externer Kalibrierung zur Anwendung kommt. F\u00fcr Getreidesiebe wird von der <a href=\"https:\/\/www.ble.de\/DE\/Themen\/Landwirtschaft\/Kritische-Infrastruktur\/Notfallreserve\/Bundesreserve\/bundesreserve_node.html\">Bundesanstalt f\u00fcr Landwirtschaft und Ern\u00e4hrung<\/a> eine j\u00e4hrliche \u00dcberpr\u00fcfung mit Ausstellung eines Pr\u00fcfberichtes vorgeschrieben.<\/span><\/p>\n<\/div>\n\t\t<\/div><\/div><div id=\"panel-310-0-0-3\" class=\"so-panel widget widget_text\" data-index=\"3\" ><div class=\"wow fadeIn panel-widget-style panel-widget-style-for-310-0-0-3\" data-wow-duration=\"1s\" data-wow-offset=\"180\" data-wow-iteration=\"1\" >\t\t\t<div class=\"textwidget\"><p><a href=\"https:\/\/analysensiebe.de\/bml\/wp-content\/uploads\/sites\/10\/2018\/02\/IMG_6481.jpg\"><img loading=\"lazy\" decoding=\"async\" class=\" wp-image-339 alignleft\" src=\"https:\/\/analysensiebe.de\/bml\/wp-content\/uploads\/sites\/10\/2018\/02\/IMG_6481-1024x597.jpg\" alt=\"\" width=\"410\" height=\"239\" srcset=\"https:\/\/analysensiebe.de\/bml\/wp-content\/uploads\/sites\/10\/2018\/02\/IMG_6481-1024x597.jpg 1024w, https:\/\/analysensiebe.de\/bml\/wp-content\/uploads\/sites\/10\/2018\/02\/IMG_6481-300x175.jpg 300w, https:\/\/analysensiebe.de\/bml\/wp-content\/uploads\/sites\/10\/2018\/02\/IMG_6481-768x447.jpg 768w\" sizes=\"auto, (max-width: 410px) 100vw, 410px\" \/><\/a><span style=\"font-family: helvetica, arial, sans-serif;\">Ein g\u00e4ngiges Verfahren f\u00fcr die interne \u00dcberpr\u00fcfung sind Pr\u00fcfsande oder standardisierte Materialproben wie Glaskugeln, wobei der Massenanteil des Kalibriermaterials als R\u00fcckstand auf dem zu pr\u00fcfenden Siebboden zu einer groben Beurteilung der Maschenverteilung dient. Nachteile dieser Pr\u00fcfung liegen in der Genauigkeit, da sie von der Qualit\u00e4t des Referenzmaterials abh\u00e4ngig ist.<\/span><\/p>\n<p><span style=\"font-family: helvetica, arial, sans-serif;\">Um eine R\u00fcckf\u00fchrbarkeit auf nationale und internationale Normen zu gew\u00e4hrleisten hat sich die bildschirmgest\u00fctzte Vermessung als zuverl\u00e4ssige Pr\u00fcfmethode durchgesetzt. Wir verwenden f\u00fcr die Normkonforme Vermessung von Analysensieben einen digitalen Messprojektor der Firma Keyence, mit welchem eine Messgenauigkeit im Bereich von \u00b12 Mikrometern erreicht werden kann (im Pr\u00e4zisionsmodus betr\u00e4gt die Genauigkeit der bildgest\u00fctzten Messung bis zu \u00b10,5 \u00b5m).<\/span><\/p>\n<\/div>\n\t\t<\/div><\/div><div id=\"panel-310-0-0-4\" class=\"so-panel widget widget_text\" data-index=\"4\" ><div class=\"wow fadeIn panel-widget-style panel-widget-style-for-310-0-0-4\" data-wow-duration=\"1s\" data-wow-offset=\"180\" data-wow-iteration=\"1\" >\t\t\t<div class=\"textwidget\"><h6><span style=\"font-family: helvetica, arial, sans-serif;\">Voraussetzungen f\u00fcr die Re-Zertifizierung:<\/span><\/h6>\n<div style=\"height: 15px;\"><\/div>\n<p><span style=\"font-family: helvetica, arial, sans-serif;\">\u2699 Die Analysensiebe m\u00fcssen gereinigt sein (eine Reinigung mittels Ultraschallbad ist von uns gegen Aufpreis m\u00f6glich)<\/span><\/p>\n<p><span style=\"font-family: helvetica, arial, sans-serif;\">\u2699 Die Siebe m\u00fcssen frei von Schadstoffen sein<\/span><\/p>\n<p><span style=\"font-family: helvetica, arial, sans-serif;\">\u2699 Es muss eine Unbedenklichkeitserkl\u00e4rung erstellt werden \u2013 Das Formular <\/span><a href=\"https:\/\/analysensiebe.de\/bml\/wp-content\/uploads\/sites\/10\/2018\/02\/Re-Zertifizierung-Formular.pdf\"><span style=\"font-family: helvetica, arial, sans-serif;\">steht hier zum Download bereit<\/span><\/a><\/p>\n<\/div>\n\t\t<\/div><\/div><div id=\"panel-310-0-0-5\" class=\"so-panel widget widget_text panel-last-child\" data-index=\"5\" ><div class=\"wow fadeIn panel-widget-style panel-widget-style-for-310-0-0-5\" data-wow-duration=\"1s\" data-wow-offset=\"180\" data-wow-iteration=\"1\" >\t\t\t<div class=\"textwidget\"><div class=\"ead-preview\"><div class=\"ead-document\" style=\"position: relative;padding-top: 90%;\"><div class=\"ead-iframe-wrapper\"><iframe src=\"\/\/docs.google.com\/viewer?url=https%3A%2F%2Fanalysensiebe.de%2Fpublic_docs%2FRe-Zertifizierung%2520-%2520Leistungen%2520und%2520Preise.pdf&embedded=true&hl=en\" title=\"Eingebettetes Dokument\" class=\"ead-iframe\" style=\"width: 100%;height: 100%;border: none;position: absolute;left: 0;top: 0;visibility: hidden;\"><\/iframe><\/div>\t\t\t<div class=\"ead-document-loading\" style=\"width:100%;height:100%;position:absolute;left:0;top:0;z-index:10;\">\n\t\t\t\t<div class=\"ead-loading-wrap\">\n\t\t\t\t\t<div class=\"ead-loading-main\">\n\t\t\t\t\t\t<div class=\"ead-loading\">\n\t\t\t\t\t\t\t<img loading=\"lazy\" decoding=\"async\" src=\"https:\/\/analysensiebe.de\/bml\/wp-content\/plugins\/embed-any-document\/images\/loading.svg\" width=\"55\" height=\"55\" alt=\"Loader\">\n\t\t\t\t\t\t\t<span>Wird geladen\u00a0\u2026<\/span>\n\t\t\t\t\t\t<\/div>\n\t\t\t\t\t<\/div>\n\t\t\t\t\t<div class=\"ead-loading-foot\">\n\t\t\t\t\t\t<div class=\"ead-loading-foot-title\">\n\t\t\t\t\t\t\t<img loading=\"lazy\" decoding=\"async\" src=\"https:\/\/analysensiebe.de\/bml\/wp-content\/plugins\/embed-any-document\/images\/EAD-logo.svg\" alt=\"EAD-Logo\" width=\"36\" height=\"23\"\/>\n\t\t\t\t\t\t\t<span>Es dauert zu lange?<\/span>\n\t\t\t\t\t\t<\/div>\n\t\t\t\t\t\t<p>\n\t\t\t\t\t\t\t<div class=\"ead-document-btn ead-reload-btn\" role=\"button\">\n\t\t\t\t\t\t\t\t<img loading=\"lazy\" decoding=\"async\" src=\"https:\/\/analysensiebe.de\/bml\/wp-content\/plugins\/embed-any-document\/images\/reload.svg\" alt=\"Neu laden\" width=\"12\" height=\"12\"\/> Dokument neu laden\t\t\t\t\t\t\t<\/div>\n\t\t\t\t\t\t\t<span>|<\/span>\n\t\t\t\t\t\t\t<a href=\"https:\/\/analysensiebe.de\/public_docs\/Re-Zertifizierung%20-%20Leistungen%20und%20Preise.pdf\" class=\"ead-document-btn\" target=\"_blank\">\n\t\t\t\t\t\t\t\t<img loading=\"lazy\" decoding=\"async\" src=\"https:\/\/analysensiebe.de\/bml\/wp-content\/plugins\/embed-any-document\/images\/open.svg\" alt=\"\u00d6ffnen\" width=\"12\" height=\"12\"\/> In einem neuen Tab \u00f6ffnen\t\t\t\t\t\t\t<\/a>\n\t\t\t\t\t<\/div>\n\t\t\t\t<\/div>\n\t\t\t<\/div>\n\t\t<\/div><\/div>\n<\/div>\n\t\t<\/div><\/div><\/div><\/div><\/div>","protected":false},"excerpt":{"rendered":"<p>\u2699 Als Serviceleistung bieten wir eine Re-Zertifizierung von Analysensieben durch unser blidgest\u00fctztes Messsystem. \u2699 Je nach Anforderung wird die Messung [&hellip;]<\/p>\n","protected":false},"author":1,"featured_media":2132,"parent":0,"menu_order":0,"comment_status":"closed","ping_status":"closed","template":"","meta":{"footnotes":""},"class_list":["post-310","page","type-page","status-publish","has-post-thumbnail","hentry","post-thumbnail-displayed"],"aioseo_notices":[],"_links":{"self":[{"href":"https:\/\/analysensiebe.de\/bml\/wp-json\/wp\/v2\/pages\/310","targetHints":{"allow":["GET"]}}],"collection":[{"href":"https:\/\/analysensiebe.de\/bml\/wp-json\/wp\/v2\/pages"}],"about":[{"href":"https:\/\/analysensiebe.de\/bml\/wp-json\/wp\/v2\/types\/page"}],"author":[{"embeddable":true,"href":"https:\/\/analysensiebe.de\/bml\/wp-json\/wp\/v2\/users\/1"}],"replies":[{"embeddable":true,"href":"https:\/\/analysensiebe.de\/bml\/wp-json\/wp\/v2\/comments?post=310"}],"version-history":[{"count":40,"href":"https:\/\/analysensiebe.de\/bml\/wp-json\/wp\/v2\/pages\/310\/revisions"}],"predecessor-version":[{"id":2460,"href":"https:\/\/analysensiebe.de\/bml\/wp-json\/wp\/v2\/pages\/310\/revisions\/2460"}],"wp:featuredmedia":[{"embeddable":true,"href":"https:\/\/analysensiebe.de\/bml\/wp-json\/wp\/v2\/media\/2132"}],"wp:attachment":[{"href":"https:\/\/analysensiebe.de\/bml\/wp-json\/wp\/v2\/media?parent=310"}],"curies":[{"name":"wp","href":"https:\/\/api.w.org\/{rel}","templated":true}]}}