{"id":269,"date":"2018-02-11T19:24:18","date_gmt":"2018-02-11T19:24:18","guid":{"rendered":"http:\/\/analysensiebe.de\/bml\/?page_id=269"},"modified":"2022-09-14T14:53:47","modified_gmt":"2022-09-14T14:53:47","slug":"zertifizierung","status":"publish","type":"page","link":"https:\/\/analysensiebe.de\/bml\/zertifizierung\/","title":{"rendered":"Normkonformit\u00e4t &#038; Zertifizierung"},"content":{"rendered":"<div id=\"pl-269\"  class=\"panel-layout\" ><div id=\"pg-269-0\"  class=\"panel-grid panel-no-style\" ><div id=\"pgc-269-0-0\"  class=\"panel-grid-cell\" ><div id=\"panel-269-0-0-0\" class=\"so-panel widget widget_media_image panel-first-child\" data-index=\"0\" ><div class=\"wow fadeIn panel-widget-style panel-widget-style-for-269-0-0-0\" data-wow-duration=\"2s\" data-wow-delay=\"1s\" data-wow-iteration=\"1\" ><img loading=\"lazy\" decoding=\"async\" width=\"1920\" height=\"430\" src=\"https:\/\/analysensiebe.de\/bml\/wp-content\/uploads\/sites\/10\/2022\/09\/Zeugnisse_Image_reduce.jpg\" class=\"image wp-image-1974  attachment-full size-full\" alt=\"\" style=\"max-width: 100%; height: auto;\" srcset=\"https:\/\/analysensiebe.de\/bml\/wp-content\/uploads\/sites\/10\/2022\/09\/Zeugnisse_Image_reduce.jpg 1920w, https:\/\/analysensiebe.de\/bml\/wp-content\/uploads\/sites\/10\/2022\/09\/Zeugnisse_Image_reduce-300x67.jpg 300w, https:\/\/analysensiebe.de\/bml\/wp-content\/uploads\/sites\/10\/2022\/09\/Zeugnisse_Image_reduce-1024x229.jpg 1024w, https:\/\/analysensiebe.de\/bml\/wp-content\/uploads\/sites\/10\/2022\/09\/Zeugnisse_Image_reduce-768x172.jpg 768w, https:\/\/analysensiebe.de\/bml\/wp-content\/uploads\/sites\/10\/2022\/09\/Zeugnisse_Image_reduce-1536x344.jpg 1536w\" sizes=\"auto, (max-width: 1920px) 100vw, 1920px\" \/><\/div><\/div><div id=\"panel-269-0-0-1\" class=\"so-panel widget widget_text\" data-index=\"1\" ><div class=\"wow slideInUp panel-widget-style panel-widget-style-for-269-0-0-1\" data-wow-duration=\"2s\" data-wow-iteration=\"1\" >\t\t\t<div class=\"textwidget\"><p><a href=\"https:\/\/analysensiebe.de\/bml\/wp-content\/uploads\/sites\/10\/2018\/02\/CTA6.jpg\"><img loading=\"lazy\" decoding=\"async\" class=\"wp-image-590 alignleft\" src=\"https:\/\/analysensiebe.de\/bml\/wp-content\/uploads\/sites\/10\/2018\/02\/CTA6-1024x679.jpg\" alt=\"\" width=\"410\" height=\"272\" srcset=\"https:\/\/analysensiebe.de\/bml\/wp-content\/uploads\/sites\/10\/2018\/02\/CTA6.jpg 1024w, https:\/\/analysensiebe.de\/bml\/wp-content\/uploads\/sites\/10\/2018\/02\/CTA6-300x199.jpg 300w, https:\/\/analysensiebe.de\/bml\/wp-content\/uploads\/sites\/10\/2018\/02\/CTA6-768x509.jpg 768w, https:\/\/analysensiebe.de\/bml\/wp-content\/uploads\/sites\/10\/2018\/02\/CTA6-500x332.jpg 500w\" sizes=\"auto, (max-width: 410px) 100vw, 410px\" \/><\/a><\/p>\n<p><span style=\"font-family: helvetica, arial, sans-serif;\">Analysensiebe z\u00e4hlen zu Pr\u00fcf- und Messmitteln, die gem\u00e4\u00df geltenden Vorschriften vom Hersteller auf ihre Normkonformit\u00e4t zertifiziert werden und im Betrieb regelm\u00e4\u00dfig \u00fcberpr\u00fcft werden m\u00fcssen. Deshalb bietet Blau-Metall detaillierte Pr\u00fcfungsnachweise und Servicleistungen f\u00fcr eine zuverl\u00e4ssige Qualit\u00e4tssicherung nach nationalen und internationalen Vorschriften.<\/span><\/p>\n<h4 style=\"text-align: center;\"><span style=\"font-family: helvetica, arial, sans-serif;\">Pr\u00fcfbescheinigungen<\/span><\/h4>\n<div style=\"height: 10px;\"><\/div>\n<p><span style=\"font-family: helvetica, arial, sans-serif;\">Jedes Sieb wird vor Verlassen unseres Hauses nach den Vorgaben der jeweiligen Norm unter Nutzung von digitaler Messprojektortechnik vermessen und ein Pr\u00fcfbericht erstellt. Die individuelle Lasergravur jedes Blau-Metall Siebes garantiert eine eindeutige R\u00fcckverfolgbarkeit und alle Siebe werden mit einer Werksbescheinigung nach DIN EN 10204 ausgestattet oder auf Wunsch mit einem Abnahmepr\u00fcfzeugnis oder Kalibrierzertifikat f\u00fcr erh\u00f6hte statistische Sicherheit.<\/span><\/p>\n<\/div>\n\t\t<\/div><\/div><div id=\"panel-269-0-0-2\" class=\"so-panel widget widget_text\" data-index=\"2\" ><div class=\"wow fadeIn panel-widget-style panel-widget-style-for-269-0-0-2\" data-wow-duration=\"1s\" data-wow-offset=\"200\" data-wow-iteration=\"1\" >\t\t\t<div class=\"textwidget\"><p><a href=\"https:\/\/analysensiebe.de\/bml\/wp-content\/uploads\/sites\/10\/2022\/09\/Certificate-2.1-Sample-2022.jpg\"><img loading=\"lazy\" decoding=\"async\" class=\"alignright wp-image-2096 \" src=\"https:\/\/analysensiebe.de\/bml\/wp-content\/uploads\/sites\/10\/2022\/09\/Certificate-2.1-Sample-2022-727x1024.jpg\" alt=\"\" width=\"395\" height=\"556\" srcset=\"https:\/\/analysensiebe.de\/bml\/wp-content\/uploads\/sites\/10\/2022\/09\/Certificate-2.1-Sample-2022-727x1024.jpg 727w, https:\/\/analysensiebe.de\/bml\/wp-content\/uploads\/sites\/10\/2022\/09\/Certificate-2.1-Sample-2022-213x300.jpg 213w, https:\/\/analysensiebe.de\/bml\/wp-content\/uploads\/sites\/10\/2022\/09\/Certificate-2.1-Sample-2022-768x1082.jpg 768w, https:\/\/analysensiebe.de\/bml\/wp-content\/uploads\/sites\/10\/2022\/09\/Certificate-2.1-Sample-2022.jpg 1023w\" sizes=\"auto, (max-width: 395px) 100vw, 395px\" \/><\/a><span style=\"font-family: helvetica, arial, sans-serif;\"><strong>Werksbescheinigung 2.1<\/strong><\/span><br \/>\n<span style=\"font-family: helvetica, arial, sans-serif;\"> Sofern nicht anders vereinbart werden alle Blau-Metall Analysensiebe nach DIN-konformer Vermessung mit einer kostenlosen Werksbescheinigung 2.1 nach DIN EN 10204 geliefert. Sie bescheinigt dass die Analysensiebe unter Einhaltung der Vorgaben der jeweils g\u00fcltigen Norm hergestellt wurden und die Normkonformit\u00e4t durch Vermessung best\u00e4tigt wurde.<\/span><\/p>\n<p><strong><span style=\"font-family: helvetica, arial, sans-serif;\">Stammkarte<\/span><\/strong><br \/>\n<span style=\"font-family: helvetica, arial, sans-serif;\"> Von Haus aus wird jedes unserer normkonformen Analysensiebe mit einer Stammkarte versehen wie in der DIN ISO 3310 vorgeschlagen. Diese best\u00e4tigt dass das Analysensieb nach den in der entsprechenden Norm vorgegebenen Verfahren gepr\u00fcft wurde. In diese Karte k\u00f6nnen die Ergebnisse der periodischen Tests und Leistungs\u00fcberpr\u00fcfungen eingetragen werden (vom Benutzer, Hersteller oder Pr\u00fcfungsinstitut) um eine l\u00fcckenlose Dokumentation f\u00fcr jedes einzelne Analysensieb zu gew\u00e4hrleisten.<\/span><\/p>\n<p>Beispiel Stammkarte: <a href=\"https:\/\/analysensiebe.de\/bml\/wp-content\/uploads\/sites\/10\/2018\/02\/SK-3310-1.pdf\">Hier Klicken<\/a><\/p>\n<p><span style=\"font-family: helvetica, arial, sans-serif;\"><strong>Abnahmepr\u00fcfzeugnis 3.1<\/strong><\/span><br \/>\n<span style=\"font-family: helvetica, arial, sans-serif;\"> Auf Kundenwunsch wird ein Abnahmepr\u00fcfzeugnis 3.1 ausgestellt, welches den Pr\u00fcfbericht des individuellen Analysensiebes beinhaltet. Dieser spiegelt die durch optische Vermessung ermittelten Kenngr\u00f6\u00dfen wider und weist die Einhaltung der vorgeschriebenen Toleranzen nach. Die Vermessung der Analysensiebe kann als zertifizierende oder kalibrierende Messung vorgenommen werden, wobei bei der Kalibrierung dreimal mehr Maschen bzw. L\u00f6cher vermessen werden als in der entsprechenden Norm vorgeschrieben.<\/span><\/p>\n<p><span style=\"font-family: helvetica, arial, sans-serif;\">Je nach Anforderung werden die Pr\u00fcfzeugnisse nach den Normen DIN ISO 5223, DIN ISO 3310-1 & 2, ASTM E11 oder ASTM E323 ausgestellt und die Vermessung den jeweils vorgegebenen Verfahren angepasst.<\/span><\/p>\n<p><span style=\"font-family: helvetica, arial, sans-serif;\">Die Messergebnisse der Zertifizierung jedes Blau-Metall Analysensiebes werden von uns f\u00fcr mindestens ein Jahr aufbewahrt, sodass eine Nachbestellung des Abnahmepr\u00fcfzeugnisses 3.1 ohne Weiteres m\u00f6glich ist.<\/span><\/p>\n<\/div>\n\t\t<\/div><\/div><div id=\"panel-269-0-0-3\" class=\"widget_text so-panel widget widget_custom_html\" data-index=\"3\" ><div class=\"widget_text wow fadeIn panel-widget-style panel-widget-style-for-269-0-0-3\" data-wow-duration=\"1s\" data-wow-offset=\"25\" data-wow-iteration=\"1\" ><div class=\"textwidget custom-html-widget\"><h6 style=\"text-align: center;\"><span style=\"font-family: helvetica, arial, sans-serif;\">Weitere Informationen - Abnahmepr\u00fcfzeugnis 3.1<\/span><\/h6>\n<div style=\"height: 15px;\"><\/div>\n<table class=\" aligncenter\" style=\"width: 449px; height: 177px;\">\n<tbody>\n<tr>\n<td style=\"text-align: center; width: 230px;\"><span style=\"font-family: helvetica, arial, sans-serif;\"><strong>Norm<\/strong><\/span><\/td>\n<td style=\"width: 85px;\"><\/td>\n<td style=\"width: 111px;\"><\/td>\n<\/tr>\n<tr>\n<td style=\"width: 230px;\"><span style=\"font-family: helvetica, arial, sans-serif;\">DIN ISO 3310-1 (Gewebe)<\/span><\/td>\n<td style=\"width: 85px;\"><span style=\"font-family: helvetica, arial, sans-serif;\"><a href=\"https:\/\/analysensiebe.de\/bml\/wp-content\/uploads\/sites\/10\/2019\/03\/Abnahmepr\u00fcfzeugnis-3.1-DIN-ISO-3310-1-Beispiel-2019.pdf\">Beispiel<\/a><\/span><\/td>\n<td style=\"width: 111px;\"><span style=\"font-family: helvetica, arial, sans-serif;\"><a href=\"https:\/\/analysensiebe.de\/bml\/erlauterungen-zu-abnahmeprufzeugnis-3-1-din-iso-3310-1\/\">El\u00e4uterungen<\/a><\/span><\/td>\n<\/tr>\n<tr>\n<td style=\"width: 230px;\"><span style=\"font-family: helvetica, arial, sans-serif;\">DIN ISO 3310-2 (Rundloch)\n<\/span><\/td>\n<td style=\"width: 85px;\"><span style=\"font-family: helvetica, arial, sans-serif;\"><a href=\"https:\/\/analysensiebe.de\/bml\/wp-content\/uploads\/sites\/10\/2019\/03\/Abnahmepr\u00fcfzeugnis-3.1-3310-2-RL-Beispiel-2019.pdf\">Beispiel<\/a><\/span><\/td>\n<td style=\"width: 111px;\"><span style=\"font-family: helvetica, arial, sans-serif;\"><a href=\"https:\/\/analysensiebe.de\/bml\/erlauterungen-zu-abnahmeprufzeugnis-3-1-din-iso-3310-2-rundloch\/\">El\u00e4uterungen<\/a><\/span><\/td>\n<\/tr>\n<tr>\n<td style=\"width: 230px;\"><span style=\"font-family: helvetica, arial, sans-serif;\">DIN ISO 3310-2 (Quadratloch)<\/span><\/td>\n<td style=\"width: 85px;\"><span style=\"font-family: helvetica, arial, sans-serif;\"><a href=\"https:\/\/analysensiebe.de\/bml\/wp-content\/uploads\/sites\/10\/2019\/03\/Abnahmepr\u00fcfzeugnis-3.1-3310-2-QL-Beispiel-2019.pdf\">Beispiel<\/a><\/span><\/td>\n<td style=\"width: 111px;\"><span style=\"font-family: helvetica, arial, sans-serif;\"><a href=\"https:\/\/analysensiebe.de\/bml\/erlauterungen-zu-abnahmeprufzeugnis-3-1-din-iso-3310-2-quadratloch\/\">El\u00e4uterungen<\/a><\/span><\/td>\n<\/tr>\n<tr>\n<td style=\"width: 230px;\"><span style=\"font-family: helvetica, arial, sans-serif;\">DIN EN ISO 5223 (Getreide)<\/span><\/td>\n<td style=\"width: 85px;\"><span style=\"font-family: helvetica, arial, sans-serif;\"><a href=\"https:\/\/analysensiebe.de\/bml\/wp-content\/uploads\/sites\/10\/2019\/03\/Abnahmepr\u00fcfzeugnis-3.1-5223-SL-Beispiel-2019.pdf\">Beispiel<\/a><\/span><\/td>\n<td style=\"width: 111px;\"><span style=\"font-family: helvetica, arial, sans-serif;\"><a href=\"https:\/\/analysensiebe.de\/bml\/erlauterungen-zu-abnahmeprufzeugnis-3-1-din-en-iso-5223\/\">El\u00e4uterungen<\/a><\/span><\/td>\n<\/tr>\n\t<tr>\n<td style=\"width: 230px;\"><span style=\"font-family: helvetica, arial, sans-serif;\">Sieb Nach Toleranzen<\/span><\/td>\n<td style=\"width: 85px;\"><span style=\"font-family: helvetica, arial, sans-serif;\"><a href=\"https:\/\/analysensiebe.de\/bml\/wp-content\/uploads\/sites\/10\/2019\/03\/Abnahmepr\u00fcfzeugnis-3.1-Toleranzen-Beispiel-2019.pdf\">Beispiel<\/a><\/span><\/td>\n<td style=\"width: 111px;\"><span style=\"font-family: helvetica, arial, sans-serif;\"><\/span><\/td>\n<\/tr>\n<\/tbody>\n<\/table><\/div><\/div><\/div><div id=\"panel-269-0-0-4\" class=\"so-panel widget widget_text panel-last-child\" data-index=\"4\" ><div class=\"wow fadeIn panel-widget-style panel-widget-style-for-269-0-0-4\" data-wow-duration=\"1s\" data-wow-offset=\"200\" data-wow-iteration=\"1\" >\t\t\t<div class=\"textwidget\"><h4 style=\"text-align: center;\"><span style=\"font-family: helvetica, arial, sans-serif;\">Messverfahren<\/span><\/h4>\n<div style=\"height: 15px;\"><\/div>\n<figure id=\"attachment_284\" aria-describedby=\"caption-attachment-284\" style=\"width: 435px\" class=\"wp-caption alignleft\"><a href=\"https:\/\/analysensiebe.de\/bml\/wp-content\/uploads\/sites\/10\/2018\/02\/RL45-Zertifizierung-Beispiel.jpg\"><img loading=\"lazy\" decoding=\"async\" class=\" wp-image-284\" src=\"https:\/\/analysensiebe.de\/bml\/wp-content\/uploads\/sites\/10\/2018\/02\/RL45-Zertifizierung-Beispiel-1024x768.jpg\" alt=\"\" width=\"435\" height=\"326\" srcset=\"https:\/\/analysensiebe.de\/bml\/wp-content\/uploads\/sites\/10\/2018\/02\/RL45-Zertifizierung-Beispiel.jpg 1024w, https:\/\/analysensiebe.de\/bml\/wp-content\/uploads\/sites\/10\/2018\/02\/RL45-Zertifizierung-Beispiel-300x225.jpg 300w, https:\/\/analysensiebe.de\/bml\/wp-content\/uploads\/sites\/10\/2018\/02\/RL45-Zertifizierung-Beispiel-768x576.jpg 768w\" sizes=\"auto, (max-width: 435px) 100vw, 435px\" \/><\/a><figcaption id=\"caption-attachment-284\" class=\"wp-caption-text\">Zertifizierende Messung \u2013 Rundlochseb<\/figcaption><\/figure>\n<p><span style=\"font-family: helvetica, arial, sans-serif;\">Alle von uns nach Norm gefertigten Analysensiebe werden einer normkonformen Vermessung mittels moderner digitaler Messtechnik unterzogen. Laut DIN EN ISO 5223 ist f\u00fcr die \u00dcberpr\u00fcfung von Getreidesieben ein \u201eQuerschnittsprojektor mit einer mindestens 50-fachen Vergr\u00f6\u00dferung\u201c einzusetzen, w\u00e4hrend die DIN EN ISO 3310 & ASTM 11 ein geeignetes Ger\u00e4t mit einer Ablesegenauigkeit von mindestens 2,5 \u00b5m oder 1\/10 der Zwischentoleranz verlangen.<\/span><\/p>\n<p><span style=\"font-family: helvetica, arial, sans-serif;\">Der digitale Messprojektor IM-7000 von Keyence erf\u00fcllt die geforderten Kriterien aller g\u00e4ngigen Normen und liefert mittels moderner digitaler Bildverarbeitung ein anwenderunabh\u00e4ngiges Messergebnis. IM-7000 erlaubt die Erfassung einer gro\u00dfen Anzahl an Sieb\u00f6ffnungen mit einer Messgenauigkeit von \u00b15 \u00b5m im Standardmodus; im Pr\u00e4zisionsmodus ist es m\u00f6glich Siebparameter mit eine Genauigkeit von bis \u00b10,5 \u00b5m zu bestimmen.<\/span><\/p>\n<\/div>\n\t\t<\/div><\/div><\/div><\/div><\/div>","protected":false},"excerpt":{"rendered":"<p>Analysensiebe z\u00e4hlen zu Pr\u00fcf- und Messmitteln, die gem\u00e4\u00df geltenden Vorschriften vom Hersteller auf ihre Normkonformit\u00e4t zertifiziert werden und im Betrieb [&hellip;]<\/p>\n","protected":false},"author":1,"featured_media":270,"parent":0,"menu_order":0,"comment_status":"closed","ping_status":"closed","template":"","meta":{"footnotes":""},"class_list":["post-269","page","type-page","status-publish","has-post-thumbnail","hentry","post-thumbnail-displayed"],"aioseo_notices":[],"_links":{"self":[{"href":"https:\/\/analysensiebe.de\/bml\/wp-json\/wp\/v2\/pages\/269","targetHints":{"allow":["GET"]}}],"collection":[{"href":"https:\/\/analysensiebe.de\/bml\/wp-json\/wp\/v2\/pages"}],"about":[{"href":"https:\/\/analysensiebe.de\/bml\/wp-json\/wp\/v2\/types\/page"}],"author":[{"embeddable":true,"href":"https:\/\/analysensiebe.de\/bml\/wp-json\/wp\/v2\/users\/1"}],"replies":[{"embeddable":true,"href":"https:\/\/analysensiebe.de\/bml\/wp-json\/wp\/v2\/comments?post=269"}],"version-history":[{"count":70,"href":"https:\/\/analysensiebe.de\/bml\/wp-json\/wp\/v2\/pages\/269\/revisions"}],"predecessor-version":[{"id":2098,"href":"https:\/\/analysensiebe.de\/bml\/wp-json\/wp\/v2\/pages\/269\/revisions\/2098"}],"wp:featuredmedia":[{"embeddable":true,"href":"https:\/\/analysensiebe.de\/bml\/wp-json\/wp\/v2\/media\/270"}],"wp:attachment":[{"href":"https:\/\/analysensiebe.de\/bml\/wp-json\/wp\/v2\/media?parent=269"}],"curies":[{"name":"wp","href":"https:\/\/api.w.org\/{rel}","templated":true}]}}