{"id":1025,"date":"2019-04-25T14:03:51","date_gmt":"2019-04-25T14:03:51","guid":{"rendered":"http:\/\/analysensiebe.de\/bml\/?page_id=1025"},"modified":"2023-08-13T17:55:57","modified_gmt":"2023-08-13T17:55:57","slug":"analysensiebe-fur-gesteinskornungen-im-strasenbau","status":"publish","type":"page","link":"https:\/\/analysensiebe.de\/bml\/analysensiebe-fur-gesteinskornungen-im-strasenbau\/","title":{"rendered":"Analysensiebe f\u00fcr Gesteinsk\u00f6rnungen im Stra\u00dfenbau"},"content":{"rendered":"<div id=\"pl-1025\"  class=\"panel-layout\" ><div id=\"pg-1025-0\"  class=\"panel-grid panel-no-style\" ><div id=\"pgc-1025-0-0\"  class=\"panel-grid-cell\" ><div id=\"panel-1025-0-0-0\" class=\"widget_text so-panel widget widget_custom_html panel-first-child\" data-index=\"0\" ><div class=\"textwidget custom-html-widget\"><a href=\"https:\/\/analysensiebe.de\/bml\/wp-content\/uploads\/sites\/10\/2019\/04\/kieswerk-stock.jpg\"><img loading=\"lazy\" decoding=\"async\" class=\" wp-image-1027 alignright\" src=\"https:\/\/analysensiebe.de\/bml\/wp-content\/uploads\/sites\/10\/2019\/04\/kieswerk-stock-1024x575.jpg\" alt=\"\" width=\"395\" height=\"222\" srcset=\"https:\/\/analysensiebe.de\/bml\/wp-content\/uploads\/sites\/10\/2019\/04\/kieswerk-stock-1024x575.jpg 1024w, https:\/\/analysensiebe.de\/bml\/wp-content\/uploads\/sites\/10\/2019\/04\/kieswerk-stock-300x168.jpg 300w, https:\/\/analysensiebe.de\/bml\/wp-content\/uploads\/sites\/10\/2019\/04\/kieswerk-stock-768x431.jpg 768w, https:\/\/analysensiebe.de\/bml\/wp-content\/uploads\/sites\/10\/2019\/04\/kieswerk-stock-500x281.jpg 500w, https:\/\/analysensiebe.de\/bml\/wp-content\/uploads\/sites\/10\/2019\/04\/kieswerk-stock.jpg 1920w\" sizes=\"auto, (max-width: 395px) 100vw, 395px\" \/><\/a>Gesteinsk\u00f6rnungen f\u00fcr Asphalte und Oberfl\u00e4chenbehandlung f\u00fcr Stra\u00dfen, Flugpl\u00e4tze und andere Verkehrsfl\u00e4chen sind \u00fcber die Europ\u00e4ische Norm DIN EN 13043 geregelt, wobei sich bei der Bestimmung der Lieferk\u00f6rnungen auf eine klassische Siebanalyse nach DIN EN 933-1\/2 berufen wird. Die Bestimmung der Korngr\u00f6\u00dfenverteilung, \u00dcber-\/Unterk\u00f6rnern und Feinanteil nach oben genannten Normen wird in den in Deutschland geltenden Technischen Lieferbedingungen f\u00fcr Gesteinsk\u00f6rnungen  im Stra\u00dfenbau (TL Gestein-StB 04) f\u00fcr verbindlich erkl\u00e4rt.\n<br><br>\n\u00c4hnliche Methodenanwendung im Hinblick auf die Bestimmung der Korngr\u00f6\u00dfenverteilung wird auch gefordert in der DIN EN 13242 (Gesteinsk\u00f6rnungen f\u00fcr ungebundene und hydraulische gebundene Baustoffe f\u00fcr Ingenieur- und Stra\u00dfenbau) und DIN EN 13285 (Ungebundene Gemische \u2013 Anforderungen).\n<br><br>\n\u201eGesteinsk\u00f6rnungen f\u00fcr die Verwendung im Bauwesen m\u00fcssen alle Anforderungen der einschl\u00e4gigen Europ\u00e4ischen Normen \u00fcber Gesteinsk\u00f6rnungen erf\u00fcllen. Diese Normen legen allgemeine und besondere Anforderungen an nat\u00fcrliche Gesteinsk\u00f6rnungen, Stahlwerksschlacke und rezyklierte Gesteinsk\u00f6rnungen, wie beispielsweise hinsichtlich der Stabilit\u00e4t bestimmter Arten von Basalt, dem Ausdehnungsverhalten bestimmter Schlacken und der Zusammensetzung rezyklierter Gesteinsk\u00f6rnungen fest.\u201c (DIN EN 13242:2015-07)<br><br><\/div><\/div><div id=\"panel-1025-0-0-1\" class=\"widget_text so-panel widget widget_custom_html\" data-index=\"1\" ><div class=\"textwidget custom-html-widget\"><a href=\"https:\/\/analysensiebe.de\/bml\/wp-content\/uploads\/sites\/10\/2022\/09\/Blau-Metall-Satz-nach-DIN-EN-933.jpg\"><img loading=\"lazy\" decoding=\"async\" class=\"aligncenter size-large wp-image-1028\" src=\"https:\/\/analysensiebe.de\/bml\/wp-content\/uploads\/sites\/10\/2022\/09\/Blau-Metall-Satz-nach-DIN-EN-933-scaled.jpg\" alt=\"\" width=\"780\" height=\"213\" \/><\/a>\n<br><br>\n<a href=\"https:\/\/analysensiebe.de\/bml\/wp-content\/uploads\/sites\/10\/2022\/09\/IMG_3591.jpg\"><img decoding=\"async\" class=\"alignright  wp-image-1029\" src=\"https:\/\/analysensiebe.de\/bml\/wp-content\/uploads\/sites\/10\/2022\/09\/IMG_3591-scaled.jpg\" alt=\"\" width=\"395\" height=\"auto\" \/><\/a>Anforderungen an die Erstpr\u00fcfung und werkseigene Produktionskontrolle f\u00fcr alle Materialien, die im Anwendungsbereich von EN 12620, EN 13043, EN 13242, EN 13139, EN 13383-1 und EN 13450 liegen, sind \u00fcber die DIN EN 16236 geregelt. Regelm\u00e4\u00dfige Pr\u00fcfung der Korngr\u00f6\u00dfenverteilung (Grading) durch Siebanalyse muss demnach mindestens einmal pro Woche durchgef\u00fchrt werden (f\u00fcr EN 12620, 13043, 13139 und 13242), jede 20.000 t produziertes Material (EN 13383). Die Feststellung des Feinanteils soll ebenfalls w\u00f6chentlich erfolgen.\n<br><br>\nBlau-Metall Analysensiebe nach DIN ISO 3310-1\/2 erf\u00fcllen alle Ma\u00dfgaben der Pr\u00fcfsiebnorm und sind f\u00fcr Korngr\u00f6\u00dfenverteilungs-Analysen nach DIN EN 933-1 geeignet. Die  l\u00fcckenlose optische Inspektion jedes Siebs garantiert eine hohe statistische Sicherheit Ihrer Erstpr\u00fcfung und regelm\u00e4\u00dfigen Produktionskontrolle.\n<br><br>\nUnsere Lagerhaltung erm\u00f6glicht schnelle Lieferzeiten f\u00fcr die Siebe des Hauptsiebsatzes und Erg\u00e4nzungssatzes 1, wie in DIN EN 13043 festgelegt. Die Kombination aus Hauptsiebsatz und Erg. 1 wird in Deutschland \u00fcblicherweise zur Analyse der Lieferk\u00f6rnungen benutzt und erlaubt die Bestimmung der g\u00e4ngigsten Korngruppen: 0\/1, 0\/2, 2\/4, 4\/8, 8\/11, 11\/16, 16\/22, 22\/32, 32\/45, 45\/63, sowie die Quantifizierung von Feinanteilen.<br><br><\/div><\/div><div id=\"panel-1025-0-0-2\" class=\"widget_text so-panel widget widget_custom_html\" data-index=\"2\" ><div class=\"textwidget custom-html-widget\"><h3 style=\"text-align: center;\">Haupt- und Erg\u00e4nzungssiebsatz 1 nach DIN EN 13043<\/h3><br>\n<p style=\"text-align: center;\"><strong>Ausf\u00fchrung: Edelstahl, Durchmesser: 200 mm, Lieferzeit: ca. 10 Tage nach Auftragseingang<\/strong><\/p><\/div><\/div><div id=\"panel-1025-0-0-3\" class=\"widget_text so-panel widget widget_custom_html panel-last-child\" data-index=\"3\" ><div class=\"textwidget custom-html-widget\"><html>\n<style>\n* {\n  -webkit-box-sizing: border-box;\n  -moz-box-sizing: border-box;\n  box-sizing: border-box;\n}\n*:before, *:after {\n  -webkit-box-sizing: border-box;\n  -moz-box-sizing: border-box;\n  box-sizing: border-box;\n}\n\nbody {\n  font-family: \"Helvetica Neue\", \"Helvetica\", \"Roboto\", \"Arial\", sans-serif;\n  color: #5e5d52;\n}\n\na {\n  color: #337aa8;\n}\na:hover, a:focus {\n  color: #4b8ab2;\n}\n\n.container {\n  margin: 0% 0%;\n}\n@media (min-width: 33em) {\n  .container {\n    margin: 0%;\n  }\n}\n@media (min-width: 75em) {\n  .container {\n    margin: 2em auto;\n    max-width: 75em;\n  }\n}\n\n.responsive-table {\n  width: 100%;\n  margin-bottom: 1.5em;\n}\n@media (min-width: 33em) {\n  .responsive-table {\n    font-size: .85em;\n  }\n}\n@media (min-width: 62em) {\n  .responsive-table {\n    font-size: 1em;\n  }\n}\n.responsive-table thead {\n  position: absolute;\n  clip: rect(1px 1px 1px 1px);\n  \/* IE6, IE7 *\/\n  clip: rect(1px, 1px, 1px, 1px);\n  padding: 0;\n  border: 0;\n  height: 1px;\n  width: 1px;\n  overflow: hidden;\n}\n@media (min-width: 33em) {\n  .responsive-table thead {\n    position: relative;\n    clip: auto;\n    height: auto;\n    width: auto;\n    overflow: auto;\n  }\n}\n.responsive-table thead th {\n  background-color: #1d96b2;\n  border: 1px solid #1d96b2;\n  font-weight: bold;\n  text-align: center;\n  color: white;\n}\n.responsive-table thead th:first-of-type {\n  text-align: left;\n}\n.responsive-table tbody,\n.responsive-table tr,\n.responsive-table th,\n.responsive-table td {\n  display: block;\n  padding: 0;\ntext-align: left;\n  white-space: normal;\n}\n@media (min-width: 33em) {\n  .responsive-table tr {\n    display: table-row;\n  }\n}\n.responsive-table th,\n.responsive-table td {\n  padding: .5em;\n  vertical-align: middle;\n}\n@media (min-width: 32.5em) {\n  .responsive-table th,\n  .responsive-table td {\n    padding: .75em .5em;\n  }\n}\n@media (min-width: 33em) {\n  .responsive-table th,\n  .responsive-table td {\n    display: table-cell;\n    padding: .5em;\n  }\n}\n@media (min-width: 62em) {\n  .responsive-table th,\n  .responsive-table td {\n    padding: .65em .5em;\n  }\n}\n@media (min-width: 75em) {\n  .responsive-table th,\n  .responsive-table td {\n    padding: .65em;\n  }\n}\n.responsive-table caption {\n  margin-bottom: 1em;\n  font-size: 1em;\n  font-weight: bold;\n  text-align: center;\n}\n@media (min-width: 33em) {\n  .responsive-table caption {\n    font-size: 1.5em;\n  }\n}\n.responsive-table tfoot {\n  font-size: .8em;\n  font-style: italic;\n}\n@media (min-width: 62em) {\n  .responsive-table tfoot {\n    font-size: .9em;\n  }\n}\n@media (min-width: 33em) {\n  .responsive-table tbody {\n    display: table-row-group;\n  }\n}\n.responsive-table tbody tr {\n  margin-bottom: 1em;\n  border: 2px solid #1d96b2;\n}\n@media (min-width: 33em) {\n  .responsive-table tbody tr {\n    display: table-row;\n    border-width: 1px;\n  }\n}\n.responsive-table tbody tr:last-of-type {\n  margin-bottom: 0;\n}\n@media (min-width: 33em) {\n  .responsive-table tbody tr:nth-of-type(even) {\n    background-color: rgba(94, 93, 82, 0.1);\n  }\n}\n.responsive-table tbody th[scope=\"row\"] {\n  background-color: #1d96b2;\n  color: white;\n}\n@media (min-width: 33em) {\n  .responsive-table tbody th[scope=\"row\"] {\n    background-color: transparent;\n    color: #5e5d52;\n    text-align: left;\n  }\n}\n.responsive-table tbody td {\n  text-align: right;\n}\n@media (min-width: 32.5em) {\n  .responsive-table tbody td {\n    border-bottom: 1px solid #1d96b2;\n  }\n}\n@media (min-width: 33em) {\n  .responsive-table tbody td {\n    text-align: left;\n  }\n}\n.responsive-table tbody td[data-type=currency] {\n  text-align: right;\n}\n.responsive-table tbody td[data-title]:before {\n  content: attr(data-title);\n  float: left;\n  font-size: .85em;\n  color: rgba(94, 93, 82, 0.75);\n}\n@media (min-width: 32.5em) {\n  .responsive-table tbody td[data-title]:before {\n    font-size: .9em;\n  }\n}\n@media (min-width: 33em) {\n  .responsive-table tbody td[data-title]:before {\n    content: none;\n  }\n}\n<\/style>\n<body>\n    <div class=\"container\">\n  <table class=\"responsive-table\">\n<thead>\n            <tr>\n        <th scope=\"col\">Artikel<\/th>\n        <th scope=\"col\">Norm<\/th>\n        <th scope=\"col\">Verf\u00fcgbare Durchmesser<\/th>\n      <\/tr>\n    <\/thead>\n        <tbody>\n<tr>\n<td data-title=\"Artikel\">Analysensieb Quadratloch 63,0 mm<\/td>\n<td data-title=\"Norm\">DIN ISO 3310-2<\/td>\n<td data-title=\"Verf\u00fcgbare Durchmesser\">200, 300, 400 mm<\/td>\n<\/tr><tr>\n<td data-title=\"Artikel\">Analysensieb Quadratloch 45,0 mm<\/td>\n<td data-title=\"Norm\">DIN ISO 3310-2<\/td>\n<td data-title=\"Verf\u00fcgbare Durchmesser\">200, 300, 400 mm<\/td>\n<\/tr><tr>\n<td data-title=\"Artikel\">Analysensieb Quadratloch 31,5 mm<\/td>\n<td data-title=\"Norm\">DIN ISO 3310-2<\/td>\n<td data-title=\"Verf\u00fcgbare Durchmesser\">200, 300, 400 mm<\/td>\n<\/tr><tr>\n<td data-title=\"Artikel\">Analysensieb Quadratloch 22,4 mm<\/td>\n<td data-title=\"Norm\">DIN ISO 3310-2<\/td>\n<td data-title=\"Verf\u00fcgbare Durchmesser\">200, 300, 400 mm<\/td>\n<\/tr><tr>\n<td data-title=\"Artikel\">Analysensieb Quadratloch 16,0 mm<\/td>\n<td data-title=\"Norm\">DIN ISO 3310-2<\/td>\n<td data-title=\"Verf\u00fcgbare Durchmesser\">200, 300, 400 mm<\/td>\n<\/tr><tr>\n<td data-title=\"Artikel\">Analysensieb Quadratloch 11,2 mm<\/td>\n<td data-title=\"Norm\">DIN ISO 3310-2<\/td>\n<td data-title=\"Verf\u00fcgbare Durchmesser\">200, 300, 400 mm<\/td>\n<\/tr><tr>\n<td data-title=\"Artikel\">Analysensieb Quadratloch 8,0 mm<\/td>\n<td data-title=\"Norm\">DIN ISO 3310-2<\/td>\n<td data-title=\"Verf\u00fcgbare Durchmesser\">200, 300, 400 mm<\/td>\n<\/tr><tr>\n<td data-title=\"Artikel\">Analysensieb Quadratloch 5,6 mm<\/td>\n<td data-title=\"Norm\">DIN ISO 3310-2<\/td>\n<td data-title=\"Verf\u00fcgbare Durchmesser\">200, 300, 400 mm<\/td>\n<\/tr><tr>\n<td data-title=\"Artikel\">Analysensieb Quadratloch 4,0 mm<\/td>\n<td data-title=\"Norm\">DIN ISO 3310-2<\/td>\n<td data-title=\"Verf\u00fcgbare Durchmesser\">200, 300, 400 mm<\/td>\n<\/tr><tr>\n<td data-title=\"Artikel\">Analysensieb Drahtgewebe 2,8 mm<\/td>\n<td data-title=\"Norm\">DIN ISO 3310-1<\/td>\n<td data-title=\"Verf\u00fcgbare Durchmesser\">200, 300, 400 mm<\/td>\n<\/tr><tr>\n<td data-title=\"Artikel\">Analysensieb Drahtgewebe 2,0 mm<\/td>\n<td data-title=\"Norm\">DIN ISO 3310-1<\/td>\n<td data-title=\"Verf\u00fcgbare Durchmesser\">200, 300, 400 mm<\/td>\n<\/tr><tr>\n<td data-title=\"Artikel\">Analysensieb Drahtgewebe 1,0 mm<\/td>\n<td data-title=\"Norm\">DIN ISO 3310-1<\/td>\n<td data-title=\"Verf\u00fcgbare Durchmesser\">200, 300, 400 mm<\/td>\n<\/tr><tr>\n<td data-title=\"Artikel\">Analysensieb Drahtgewebe 500 \u00b5m <\/td>\n<td data-title=\"Norm\">DIN ISO 3310-1<\/td>\n<td data-title=\"Verf\u00fcgbare Durchmesser\">200, 300, 400 mm<\/td>\n<\/tr><tr>\n<td data-title=\"Artikel\">Analysensieb Drahtgewebe 250 \u00b5m<\/td>\n<td data-title=\"Norm\">DIN ISO 3310-1<\/td>\n<td data-title=\"Verf\u00fcgbare Durchmesser\">200, 300, 400 mm<\/td>\n<\/tr><tr>\n<td data-title=\"Artikel\">Analysensieb Drahtgewebe 125 \u00b5m<\/td>\n<td data-title=\"Norm\">DIN ISO 3310-1<\/td>\n<td data-title=\"Verf\u00fcgbare Durchmesser\">200, 300, 400 mm<\/td>\n<\/tr><tr>\n<td data-title=\"Artikel\">Analysensieb Drahtgewebe 63 \u00b5m<\/td>\n<td data-title=\"Norm\">DIN ISO 3310-1<\/td>\n<td data-title=\"Verf\u00fcgbare Durchmesser\">200, 300, 400 mm<\/td>\n<\/tr><tr>\n<td data-title=\"Artikel\">Siebpfanne<\/td>\n<td data-title=\"Norm\"><\/td>\n<td data-title=\"Verf\u00fcgbare Durchmesser\">200, 300, 400 mm<\/td>\n<\/tr>\n    <\/tbody>\n  <\/table>\n<\/div>\n<\/body>\n<\/html>\n<br><br><\/div><\/div><\/div><\/div><\/div>","protected":false},"excerpt":{"rendered":"<p>Gesteinsk\u00f6rnungen f\u00fcr Asphalte und Oberfl\u00e4chenbehandlung f\u00fcr Stra\u00dfen, Flugpl\u00e4tze und andere Verkehrsfl\u00e4chen sind \u00fcber die Europ\u00e4ische Norm DIN EN 13043 geregelt, [&hellip;]<\/p>\n","protected":false},"author":1,"featured_media":1027,"parent":0,"menu_order":0,"comment_status":"closed","ping_status":"closed","template":"","meta":{"footnotes":""},"class_list":["post-1025","page","type-page","status-publish","has-post-thumbnail","hentry","post-thumbnail-displayed"],"aioseo_notices":[],"_links":{"self":[{"href":"https:\/\/analysensiebe.de\/bml\/wp-json\/wp\/v2\/pages\/1025","targetHints":{"allow":["GET"]}}],"collection":[{"href":"https:\/\/analysensiebe.de\/bml\/wp-json\/wp\/v2\/pages"}],"about":[{"href":"https:\/\/analysensiebe.de\/bml\/wp-json\/wp\/v2\/types\/page"}],"author":[{"embeddable":true,"href":"https:\/\/analysensiebe.de\/bml\/wp-json\/wp\/v2\/users\/1"}],"replies":[{"embeddable":true,"href":"https:\/\/analysensiebe.de\/bml\/wp-json\/wp\/v2\/comments?post=1025"}],"version-history":[{"count":38,"href":"https:\/\/analysensiebe.de\/bml\/wp-json\/wp\/v2\/pages\/1025\/revisions"}],"predecessor-version":[{"id":2295,"href":"https:\/\/analysensiebe.de\/bml\/wp-json\/wp\/v2\/pages\/1025\/revisions\/2295"}],"wp:featuredmedia":[{"embeddable":true,"href":"https:\/\/analysensiebe.de\/bml\/wp-json\/wp\/v2\/media\/1027"}],"wp:attachment":[{"href":"https:\/\/analysensiebe.de\/bml\/wp-json\/wp\/v2\/media?parent=1025"}],"curies":[{"name":"wp","href":"https:\/\/api.w.org\/{rel}","templated":true}]}}